CRAN Package Check Results for Package zoltr

Last updated on 2022-06-25 10:53:20 CEST.

Flavor Version Tinstall Tcheck Ttotal Status Flags
r-devel-linux-x86_64-debian-clang 0.5.1 5.93 56.35 62.28 NOTE
r-devel-linux-x86_64-debian-gcc 0.5.1 5.12 43.15 48.27 NOTE
r-devel-linux-x86_64-fedora-clang 0.5.1 84.49 NOTE
r-devel-linux-x86_64-fedora-gcc 0.5.1 101.87 NOTE
r-devel-windows-x86_64 0.5.1 35.00 89.00 124.00 NOTE
r-patched-linux-x86_64 0.5.1 5.60 54.59 60.19 NOTE
r-release-linux-x86_64 0.5.1 5.31 54.33 59.64 NOTE
r-release-macos-arm64 0.5.1 41.00 NOTE
r-release-macos-x86_64 0.5.1 56.00 NOTE
r-release-windows-x86_64 0.5.1 29.00 87.00 116.00 NOTE
r-oldrel-macos-arm64 0.5.1 40.00 NOTE
r-oldrel-macos-x86_64 0.5.1 73.00 NOTE
r-oldrel-windows-ix86+x86_64 0.5.1 15.00 78.00 93.00 NOTE

Check Details

Version: 0.5.1
Check: LazyData
Result: NOTE
     'LazyData' is specified without a 'data' directory
Flavors: r-devel-linux-x86_64-debian-clang, r-devel-linux-x86_64-debian-gcc, r-devel-linux-x86_64-fedora-clang, r-devel-linux-x86_64-fedora-gcc, r-devel-windows-x86_64, r-patched-linux-x86_64, r-release-linux-x86_64, r-release-macos-arm64, r-release-macos-x86_64, r-release-windows-x86_64, r-oldrel-macos-arm64, r-oldrel-macos-x86_64, r-oldrel-windows-ix86+x86_64