CRAN Package Check Results for Package ziphsmm

Last updated on 2022-07-07 12:55:39 CEST.

Flavor Version Tinstall Tcheck Ttotal Status Flags
r-devel-linux-x86_64-debian-clang 2.0.6 89.45 70.10 159.55 WARN
r-devel-linux-x86_64-debian-gcc 2.0.6 74.32 54.35 128.67 OK
r-devel-linux-x86_64-fedora-clang 2.0.6 217.60 WARN
r-devel-linux-x86_64-fedora-gcc 2.0.6 205.31 OK
r-devel-windows-x86_64 2.0.6 96.00 125.00 221.00 OK
r-patched-linux-x86_64 2.0.6 75.50 68.70 144.20 OK
r-release-linux-x86_64 2.0.6 81.57 69.24 150.81 OK
r-release-macos-arm64 2.0.6 58.00 NOTE
r-release-macos-x86_64 2.0.6 69.00 NOTE
r-release-windows-x86_64 2.0.6 95.00 135.00 230.00 OK
r-oldrel-macos-arm64 2.0.6 65.00 NOTE
r-oldrel-macos-x86_64 2.0.6 87.00 NOTE
r-oldrel-windows-ix86+x86_64 2.0.6 198.00 146.00 344.00 OK

Additional issues

clang14

Check Details

Version: 2.0.6
Check: whether package can be installed
Result: WARN
    Found the following significant warnings:
     rcpparma_hello_world.cpp:377:37: warning: use of bitwise '&' with boolean operands [-Wbitwise-instead-of-logical]
Flavors: r-devel-linux-x86_64-debian-clang, r-devel-linux-x86_64-fedora-clang

Version: 2.0.6
Check: installed package size
Result: NOTE
     installed size is 6.5Mb
     sub-directories of 1Mb or more:
     libs 6.1Mb
Flavors: r-devel-linux-x86_64-fedora-clang, r-release-macos-arm64, r-release-macos-x86_64, r-oldrel-macos-arm64, r-oldrel-macos-x86_64