Last updated on 2024-04-23 10:54:22 CEST.
Flavor | Version | Tinstall | Tcheck | Ttotal | Status | Flags |
---|---|---|---|---|---|---|
r-devel-linux-x86_64-debian-clang | 1.0.2 | 10.29 | 97.67 | 107.96 | NOTE | |
r-devel-linux-x86_64-debian-gcc | 1.0.2 | 8.64 | 75.03 | 83.67 | NOTE | |
r-devel-linux-x86_64-fedora-clang | 1.0.2 | 146.44 | NOTE | |||
r-devel-linux-x86_64-fedora-gcc | 1.0.2 | 138.54 | NOTE | |||
r-prerel-macos-arm64 | 1.0.2 | 44.00 | NOTE | |||
r-prerel-windows-x86_64 | 1.0.2 | 9.00 | 102.00 | 111.00 | NOTE | |
r-patched-linux-x86_64 | 1.0.2 | 9.58 | 92.12 | 101.70 | NOTE | |
r-release-linux-x86_64 | 1.0.2 | 7.07 | 100.10 | 107.17 | NOTE | |
r-release-macos-arm64 | 1.0.2 | 43.00 | NOTE | |||
r-release-macos-x86_64 | 1.0.2 | 71.00 | NOTE | |||
r-release-windows-x86_64 | 1.0.2 | 13.00 | 114.00 | 127.00 | NOTE | |
r-oldrel-macos-arm64 | 1.0.2 | 37.00 | NOTE | |||
r-oldrel-windows-x86_64 | 1.0.2 | 14.00 | 118.00 | 132.00 | NOTE |
Version: 1.0.2
Check: LazyData
Result: NOTE
'LazyData' is specified without a 'data' directory
Flavors: r-devel-linux-x86_64-debian-clang, r-devel-linux-x86_64-debian-gcc, r-devel-linux-x86_64-fedora-clang, r-devel-linux-x86_64-fedora-gcc, r-prerel-macos-arm64, r-prerel-windows-x86_64, r-patched-linux-x86_64, r-release-linux-x86_64, r-release-macos-arm64, r-release-macos-x86_64, r-release-windows-x86_64, r-oldrel-macos-arm64, r-oldrel-windows-x86_64