Last updated on 2024-03-28 09:52:01 CET.
Flavor | Version | Tinstall | Tcheck | Ttotal | Status | Flags |
---|---|---|---|---|---|---|
r-devel-linux-x86_64-debian-clang | 0.1.0 | 15.71 | 43.84 | 59.55 | OK | |
r-devel-linux-x86_64-debian-gcc | 0.1.0 | 12.75 | 33.71 | 46.46 | OK | |
r-devel-linux-x86_64-fedora-clang | 0.1.0 | 74.84 | NOTE | |||
r-devel-linux-x86_64-fedora-gcc | 0.1.0 | 71.92 | NOTE | |||
r-devel-windows-x86_64 | 0.1.0 | 16.00 | 53.00 | 69.00 | OK | |
r-patched-linux-x86_64 | 0.1.0 | 10.97 | 41.29 | 52.26 | OK | |
r-release-linux-x86_64 | 0.1.0 | 10.88 | 42.61 | 53.49 | OK | |
r-release-macos-arm64 | 0.1.0 | 31.00 | OK | |||
r-release-macos-x86_64 | 0.1.0 | 48.00 | OK | |||
r-release-windows-x86_64 | 0.1.0 | 20.00 | 59.00 | 79.00 | OK | |
r-oldrel-macos-arm64 | 0.1.0 | 35.00 | NOTE | |||
r-oldrel-windows-x86_64 | 0.1.0 | 20.00 | 64.00 | 84.00 | OK |
Version: 0.1.0
Check: dependencies in R code
Result: NOTE
Namespace in Imports field not imported from: ‘tidyverse’
All declared Imports should be used.
Flavors: r-devel-linux-x86_64-fedora-clang, r-devel-linux-x86_64-fedora-gcc, r-oldrel-macos-arm64