CRAN Package Check Results for Package youtubecaption

Last updated on 2022-06-28 12:52:41 CEST.

Flavor Version Tinstall Tcheck Ttotal Status Flags
r-devel-linux-x86_64-debian-clang 1.0.0 4.16 42.17 46.33 NOTE
r-devel-linux-x86_64-debian-gcc 1.0.0 3.07 32.35 35.42 NOTE
r-devel-linux-x86_64-fedora-clang 1.0.0 66.09 NOTE
r-devel-linux-x86_64-fedora-gcc 1.0.0 64.61 NOTE
r-devel-windows-x86_64 1.0.0 21.00 71.00 92.00 NOTE
r-patched-linux-x86_64 1.0.0 3.57 40.78 44.35 NOTE
r-release-linux-x86_64 1.0.0 3.55 40.71 44.26 NOTE
r-release-macos-arm64 1.0.0 26.00 NOTE
r-release-macos-x86_64 1.0.0 50.00 NOTE
r-release-windows-x86_64 1.0.0 18.00 70.00 88.00 NOTE
r-oldrel-macos-arm64 1.0.0 25.00 NOTE
r-oldrel-macos-x86_64 1.0.0 42.00 NOTE
r-oldrel-windows-ix86+x86_64 1.0.0 11.00 62.00 73.00 NOTE

Check Details

Version: 1.0.0
Check: LazyData
Result: NOTE
     'LazyData' is specified without a 'data' directory
Flavors: r-devel-linux-x86_64-debian-clang, r-devel-linux-x86_64-debian-gcc, r-devel-linux-x86_64-fedora-clang, r-devel-linux-x86_64-fedora-gcc, r-devel-windows-x86_64, r-patched-linux-x86_64, r-release-linux-x86_64, r-release-macos-arm64, r-release-macos-x86_64, r-release-windows-x86_64, r-oldrel-macos-arm64, r-oldrel-macos-x86_64, r-oldrel-windows-ix86+x86_64