Last updated on 2024-04-23 10:54:22 CEST.
Flavor | Version | Tinstall | Tcheck | Ttotal | Status | Flags |
---|---|---|---|---|---|---|
r-devel-linux-x86_64-debian-clang | 0.1.0 | 79.79 | 23.68 | 103.47 | OK | |
r-devel-linux-x86_64-debian-gcc | 0.1.0 | 63.27 | 18.68 | 81.95 | NOTE | |
r-devel-linux-x86_64-fedora-clang | 0.1.0 | 146.65 | OK | |||
r-devel-linux-x86_64-fedora-gcc | 0.1.0 | 142.00 | NOTE | |||
r-prerel-macos-arm64 | 0.1.0 | 46.00 | NOTE | |||
r-prerel-windows-x86_64 | 0.1.0 | 86.00 | 59.00 | 145.00 | OK | |
r-patched-linux-x86_64 | 0.1.0 | 82.60 | 23.50 | 106.10 | OK | |
r-release-linux-x86_64 | 0.1.0 | 75.96 | 22.34 | 98.30 | OK | |
r-release-macos-arm64 | 0.1.0 | 50.00 | NOTE | |||
r-release-macos-x86_64 | 0.1.0 | 73.00 | NOTE | |||
r-release-windows-x86_64 | 0.1.0 | 91.00 | 65.00 | 156.00 | OK | |
r-oldrel-macos-arm64 | 0.1.0 | 54.00 | NOTE | |||
r-oldrel-windows-x86_64 | 0.1.0 | 101.00 | 63.00 | 164.00 | WARN |
Version: 0.1.0
Check: compiled code
Result: NOTE
File ‘ymd/libs/ymd.so’:
Found non-API calls to R: ‘SET_ENCLOS’, ‘SET_ENVFLAGS’, ‘SET_PRCODE’,
‘SET_PRENV’, ‘SET_PRVALUE’
Compiled code should not call non-API entry points in R.
See ‘Writing portable packages’ in the ‘Writing R Extensions’ manual.
Flavors: r-devel-linux-x86_64-debian-gcc, r-devel-linux-x86_64-fedora-gcc
Version: 0.1.0
Check: installed package size
Result: NOTE
installed size is 7.6Mb
sub-directories of 1Mb or more:
libs 7.5Mb
Flavors: r-prerel-macos-arm64, r-release-macos-arm64, r-release-macos-x86_64, r-oldrel-macos-arm64
Version: 0.1.0
Check: whether package can be installed
Result: WARN
Found the following significant warnings:
Warning: corrupt .drectve at end of def file
Flavor: r-oldrel-windows-x86_64