CRAN Package Check Results for Package yll

Last updated on 2022-07-07 12:55:39 CEST.

Flavor Version Tinstall Tcheck Ttotal Status Flags
r-devel-linux-x86_64-debian-clang 1.0.0 1.77 21.86 23.63 NOTE
r-devel-linux-x86_64-debian-gcc 1.0.0 1.64 17.48 19.12 NOTE
r-devel-linux-x86_64-fedora-clang 1.0.0 40.19 NOTE
r-devel-linux-x86_64-fedora-gcc 1.0.0 39.25 NOTE
r-devel-windows-x86_64 1.0.0 9.00 46.00 55.00 NOTE
r-patched-linux-x86_64 1.0.0 1.85 21.37 23.22 NOTE
r-release-linux-x86_64 1.0.0 2.10 21.74 23.84 NOTE
r-release-macos-arm64 1.0.0 13.00 NOTE
r-release-macos-x86_64 1.0.0 19.00 NOTE
r-release-windows-x86_64 1.0.0 8.00 51.00 59.00 NOTE
r-oldrel-macos-arm64 1.0.0 17.00 NOTE
r-oldrel-macos-x86_64 1.0.0 23.00 NOTE
r-oldrel-windows-ix86+x86_64 1.0.0 4.00 41.00 45.00 NOTE

Check Details

Version: 1.0.0
Check: LazyData
Result: NOTE
     'LazyData' is specified without a 'data' directory
Flavors: r-devel-linux-x86_64-debian-clang, r-devel-linux-x86_64-debian-gcc, r-devel-linux-x86_64-fedora-clang, r-devel-linux-x86_64-fedora-gcc, r-devel-windows-x86_64, r-patched-linux-x86_64, r-release-linux-x86_64, r-release-macos-arm64, r-release-macos-x86_64, r-release-windows-x86_64, r-oldrel-macos-arm64, r-oldrel-macos-x86_64, r-oldrel-windows-ix86+x86_64