CRAN Package Check Results for Package yap

Last updated on 2022-10-04 11:50:28 CEST.

Flavor Version Tinstall Tcheck Ttotal Status Flags
r-devel-linux-x86_64-debian-clang 0.1.1 2.77 36.47 39.24 NOTE
r-devel-linux-x86_64-debian-gcc 0.1.1 2.40 27.52 29.92 NOTE
r-devel-linux-x86_64-fedora-clang 0.1.1 60.20 NOTE
r-devel-linux-x86_64-fedora-gcc 0.1.1 57.53 NOTE
r-devel-windows-x86_64 0.1.1 9.00 65.00 74.00 NOTE
r-patched-linux-x86_64 0.1.1 2.09 34.28 36.37 NOTE
r-release-linux-x86_64 0.1.1 2.63 33.86 36.49 NOTE
r-release-macos-arm64 0.1.1 22.00 NOTE
r-release-macos-x86_64 0.1.1 26.00 NOTE
r-release-windows-x86_64 0.1.1 10.00 65.00 75.00 NOTE
r-oldrel-macos-arm64 0.1.1 24.00 NOTE
r-oldrel-macos-x86_64 0.1.1 38.00 NOTE
r-oldrel-windows-ix86+x86_64 0.1.1 7.00 63.00 70.00 NOTE

Check Details

Version: 0.1.1
Check: LazyData
Result: NOTE
     'LazyData' is specified without a 'data' directory
Flavors: r-devel-linux-x86_64-debian-clang, r-devel-linux-x86_64-debian-gcc, r-devel-linux-x86_64-fedora-clang, r-devel-linux-x86_64-fedora-gcc, r-devel-windows-x86_64, r-patched-linux-x86_64, r-release-linux-x86_64, r-release-macos-arm64, r-release-macos-x86_64, r-release-windows-x86_64, r-oldrel-macos-arm64, r-oldrel-macos-x86_64, r-oldrel-windows-ix86+x86_64