Last updated on 2024-04-17 10:41:55 CEST.
Flavor | Version | Tinstall | Tcheck | Ttotal | Status | Flags |
---|---|---|---|---|---|---|
r-devel-linux-x86_64-debian-clang | 1.0.3 | 17.07 | 238.50 | 255.57 | OK | |
r-devel-linux-x86_64-debian-gcc | 1.0.3 | 11.62 | 179.88 | 191.50 | OK | |
r-devel-linux-x86_64-fedora-clang | 1.0.3 | 342.69 | OK | |||
r-devel-linux-x86_64-fedora-gcc | 1.0.3 | 339.78 | OK | |||
r-prerel-macos-arm64 | 1.0.3 | 96.00 | OK | |||
r-prerel-macos-x86_64 | 1.0.3 | 316.00 | OK | |||
r-prerel-windows-x86_64 | 1.0.3 | 16.00 | 256.00 | 272.00 | OK | |
r-patched-linux-x86_64 | 1.0.3 | 27.55 | 235.41 | 262.96 | OK | |
r-release-linux-x86_64 | 1.0.3 | 9.00 | 237.62 | 246.62 | OK | |
r-release-macos-arm64 | 1.0.3 | 104.00 | OK | |||
r-release-macos-x86_64 | 1.0.3 | 243.00 | OK | |||
r-release-windows-x86_64 | 1.0.3 | 22.00 | 314.00 | 336.00 | OK | |
r-oldrel-macos-arm64 | 1.0.3 | 12.00 | ERROR | |||
r-oldrel-windows-x86_64 | 1.0.3 | 21.00 | 262.00 | 283.00 | OK |
Version: 1.0.3
Check: package dependencies
Result: ERROR
Package required and available but unsuitable version: ‘spork’
See section ‘The DESCRIPTION file’ in the ‘Writing R Extensions’
manual.
Flavor: r-oldrel-macos-arm64