CRAN Package Check Results for Package yager

Last updated on 2022-10-04 11:50:28 CEST.

Flavor Version Tinstall Tcheck Ttotal Status Flags
r-devel-linux-x86_64-debian-clang 0.1.1 3.84 34.93 38.77 NOTE
r-devel-linux-x86_64-debian-gcc 0.1.1 2.71 27.25 29.96 NOTE
r-devel-linux-x86_64-fedora-clang 0.1.1 58.52 NOTE
r-devel-linux-x86_64-fedora-gcc 0.1.1 56.11 NOTE
r-devel-windows-x86_64 0.1.1 7.00 64.00 71.00 NOTE
r-patched-linux-x86_64 0.1.1 3.84 34.30 38.14 NOTE
r-release-linux-x86_64 0.1.1 3.08 33.35 36.43 NOTE
r-release-macos-arm64 0.1.1 20.00 NOTE
r-release-macos-x86_64 0.1.1 27.00 NOTE
r-release-windows-x86_64 0.1.1 11.00 65.00 76.00 NOTE
r-oldrel-macos-arm64 0.1.1 24.00 NOTE
r-oldrel-macos-x86_64 0.1.1 35.00 NOTE
r-oldrel-windows-ix86+x86_64 0.1.1 9.00 63.00 72.00 NOTE

Check Details

Version: 0.1.1
Check: LazyData
Result: NOTE
     'LazyData' is specified without a 'data' directory
Flavors: r-devel-linux-x86_64-debian-clang, r-devel-linux-x86_64-debian-gcc, r-devel-linux-x86_64-fedora-clang, r-devel-linux-x86_64-fedora-gcc, r-devel-windows-x86_64, r-patched-linux-x86_64, r-release-linux-x86_64, r-release-macos-arm64, r-release-macos-x86_64, r-release-windows-x86_64, r-oldrel-macos-arm64, r-oldrel-macos-x86_64, r-oldrel-windows-ix86+x86_64