Last updated on 2025-05-13 10:51:33 CEST.
Flavor | Version | Tinstall | Tcheck | Ttotal | Status | Flags |
---|---|---|---|---|---|---|
r-devel-linux-x86_64-debian-clang | 2.1.2 | 9.75 | 75.48 | 85.23 | NOTE | |
r-devel-linux-x86_64-debian-gcc | 2.1.2 | 6.60 | 49.67 | 56.27 | NOTE | |
r-devel-linux-x86_64-fedora-clang | 2.1.2 | 135.04 | NOTE | |||
r-devel-linux-x86_64-fedora-gcc | 2.1.2 | 125.78 | NOTE | |||
r-devel-windows-x86_64 | 2.1.2 | 12.00 | 84.00 | 96.00 | NOTE | |
r-patched-linux-x86_64 | 2.1.2 | 8.86 | 69.94 | 78.80 | NOTE | |
r-release-linux-x86_64 | 2.1.2 | 10.23 | 70.90 | 81.13 | NOTE | |
r-release-macos-arm64 | 2.1.2 | 35.00 | NOTE | |||
r-release-macos-x86_64 | 2.1.2 | 75.00 | NOTE | |||
r-release-windows-x86_64 | 2.1.2 | 12.00 | 82.00 | 94.00 | NOTE | |
r-oldrel-macos-arm64 | 2.1.2 | 35.00 | NOTE | |||
r-oldrel-macos-x86_64 | 2.1.2 | 54.00 | NOTE | |||
r-oldrel-windows-x86_64 | 2.1.2 | 16.00 | 102.00 | 118.00 | NOTE |
Version: 2.1.2
Check: Rd files
Result: NOTE
checkRd: (-1) cat_sim.Rd:110: Lost braces; missing escapes or markup?
110 | \code{min} and {max} are mandatory for setting limits on the test length. User-defined
| ^
Flavors: r-devel-linux-x86_64-debian-clang, r-devel-linux-x86_64-debian-gcc, r-devel-linux-x86_64-fedora-clang, r-devel-linux-x86_64-fedora-gcc, r-devel-windows-x86_64, r-patched-linux-x86_64, r-release-linux-x86_64, r-release-macos-arm64, r-release-macos-x86_64, r-release-windows-x86_64, r-oldrel-macos-arm64, r-oldrel-macos-x86_64, r-oldrel-windows-x86_64