CRAN Package Check Results for Package xtreg2way

Last updated on 2022-07-05 11:50:08 CEST.

Flavor Version Tinstall Tcheck Ttotal Status Flags
r-devel-linux-x86_64-debian-clang 1.0.0 2.04 39.60 41.64 NOTE
r-devel-linux-x86_64-debian-gcc 1.0.0 2.06 30.29 32.35 NOTE
r-devel-linux-x86_64-fedora-clang 1.0.0 60.20 NOTE
r-devel-linux-x86_64-fedora-gcc 1.0.0 59.36 NOTE
r-devel-windows-x86_64 1.0.0 17.00 71.00 88.00 NOTE
r-patched-linux-x86_64 1.0.0 2.19 37.26 39.45 NOTE
r-release-linux-x86_64 1.0.0 2.37 38.36 40.73 NOTE
r-release-macos-arm64 1.0.0 21.00 NOTE
r-release-macos-x86_64 1.0.0 28.00 NOTE
r-release-windows-x86_64 1.0.0 12.00 70.00 82.00 NOTE
r-oldrel-macos-arm64 1.0.0 25.00 NOTE
r-oldrel-macos-x86_64 1.0.0 39.00 NOTE
r-oldrel-windows-ix86+x86_64 1.0.0 7.00 63.00 70.00 NOTE

Check Details

Version: 1.0.0
Check: LazyData
Result: NOTE
     'LazyData' is specified without a 'data' directory
Flavors: r-devel-linux-x86_64-debian-clang, r-devel-linux-x86_64-debian-gcc, r-devel-linux-x86_64-fedora-clang, r-devel-linux-x86_64-fedora-gcc, r-devel-windows-x86_64, r-patched-linux-x86_64, r-release-linux-x86_64, r-release-macos-arm64, r-release-macos-x86_64, r-release-windows-x86_64, r-oldrel-macos-arm64, r-oldrel-macos-x86_64, r-oldrel-windows-ix86+x86_64