CRAN Package Check Results for Package xnet

Last updated on 2022-06-24 11:52:24 CEST.

Flavor Version Tinstall Tcheck Ttotal Status Flags
r-devel-linux-x86_64-debian-clang 0.1.11 6.70 59.36 66.06 OK
r-devel-linux-x86_64-debian-gcc 0.1.11 5.21 45.30 50.51 OK
r-devel-linux-x86_64-fedora-clang 0.1.11 89.41 OK
r-devel-linux-x86_64-fedora-gcc 0.1.11 88.09 OK
r-devel-windows-x86_64 0.1.11 72.00 101.00 173.00 OK
r-patched-linux-x86_64 0.1.11 7.02 57.79 64.81 OK
r-release-linux-x86_64 0.1.11 6.10 57.53 63.63 OK
r-release-macos-arm64 0.1.11 27.00 NOTE
r-release-macos-x86_64 0.1.11 43.00 OK
r-release-windows-x86_64 0.1.11 78.00 98.00 176.00 OK
r-oldrel-macos-arm64 0.1.11 32.00 NOTE
r-oldrel-macos-x86_64 0.1.11 62.00 NOTE
r-oldrel-windows-ix86+x86_64 0.1.11 17.00 90.00 107.00 OK

Check Details

Version: 0.1.11
Check: package dependencies
Result: NOTE
    Packages suggested but not available for checking: 'ChemmineR', 'fmcsR'
Flavors: r-release-macos-arm64, r-oldrel-macos-arm64, r-oldrel-macos-x86_64