Last updated on 2024-04-26 12:54:57 CEST.
Flavor | Version | Tinstall | Tcheck | Ttotal | Status | Flags |
---|---|---|---|---|---|---|
r-devel-linux-x86_64-debian-clang | 0.2.1 | 7.12 | 113.12 | 120.24 | OK | |
r-devel-linux-x86_64-debian-gcc | 0.2.1 | 4.74 | 81.89 | 86.63 | OK | |
r-devel-linux-x86_64-fedora-clang | 0.2.1 | 124.49 | NOTE | |||
r-devel-linux-x86_64-fedora-gcc | 0.2.1 | 131.02 | NOTE | |||
r-devel-windows-x86_64 | 0.2.1 | 8.00 | 80.00 | 88.00 | OK | |
r-patched-linux-x86_64 | 0.2.1 | 7.09 | 107.81 | 114.90 | OK | |
r-release-linux-x86_64 | 0.2.1 | 6.11 | 104.20 | 110.31 | OK | |
r-release-macos-arm64 | 0.2.1 | 39.00 | OK | |||
r-release-macos-x86_64 | 0.2.1 | 99.00 | OK | |||
r-release-windows-x86_64 | 0.2.1 | 7.00 | 80.00 | 87.00 | OK | |
r-oldrel-macos-arm64 | 0.2.1 | 46.00 | OK | |||
r-oldrel-macos-x86_64 | 0.2.1 | 93.00 | OK | |||
r-oldrel-windows-x86_64 | 0.2.1 | 10.00 | 85.00 | 95.00 | OK |
Version: 0.2.1
Check: data for non-ASCII characters
Result: NOTE
Note: found 3 marked UTF-8 strings
Flavors: r-devel-linux-x86_64-fedora-clang, r-devel-linux-x86_64-fedora-gcc