CRAN Package Check Results for Package xmlparsedata

Last updated on 2022-06-26 11:52:50 CEST.

Flavor Version Tinstall Tcheck Ttotal Status Flags
r-devel-linux-x86_64-debian-clang 1.0.5 1.28 22.63 23.91 NOTE
r-devel-linux-x86_64-debian-gcc 1.0.5 1.45 17.96 19.41 NOTE
r-devel-linux-x86_64-fedora-clang 1.0.5 40.90 NOTE
r-devel-linux-x86_64-fedora-gcc 1.0.5 40.28 NOTE
r-devel-windows-x86_64 1.0.5 18.00 57.00 75.00 NOTE
r-patched-linux-x86_64 1.0.5 1.79 22.00 23.79 NOTE
r-release-linux-x86_64 1.0.5 1.79 22.23 24.02 NOTE
r-release-macos-arm64 1.0.5 15.00 NOTE
r-release-macos-x86_64 1.0.5 22.00 NOTE
r-release-windows-x86_64 1.0.5 19.00 46.00 65.00 NOTE
r-oldrel-macos-arm64 1.0.5 17.00 NOTE
r-oldrel-macos-x86_64 1.0.5 25.00 NOTE
r-oldrel-windows-ix86+x86_64 1.0.5 5.00 41.00 46.00 NOTE

Check Details

Version: 1.0.5
Check: LazyData
Result: NOTE
     'LazyData' is specified without a 'data' directory
Flavors: r-devel-linux-x86_64-debian-clang, r-devel-linux-x86_64-debian-gcc, r-devel-linux-x86_64-fedora-clang, r-devel-linux-x86_64-fedora-gcc, r-devel-windows-x86_64, r-patched-linux-x86_64, r-release-linux-x86_64, r-release-macos-arm64, r-release-macos-x86_64, r-release-windows-x86_64, r-oldrel-macos-arm64, r-oldrel-macos-x86_64, r-oldrel-windows-ix86+x86_64