CRAN Package Check Results for Package xgb2sql

Last updated on 2022-07-04 12:54:25 CEST.

Flavor Version Tinstall Tcheck Ttotal Status Flags
r-devel-linux-x86_64-debian-clang 0.1.2 2.55 45.61 48.16 NOTE
r-devel-linux-x86_64-debian-gcc 0.1.2 2.32 34.16 36.48 NOTE
r-devel-linux-x86_64-fedora-clang 0.1.2 67.49 NOTE
r-devel-linux-x86_64-fedora-gcc 0.1.2 66.29 NOTE
r-devel-windows-x86_64 0.1.2 5.00 73.00 78.00 NOTE
r-patched-linux-x86_64 0.1.2 1.84 42.44 44.28 NOTE
r-release-linux-x86_64 0.1.2 2.33 45.41 47.74 NOTE
r-release-macos-arm64 0.1.2 25.00 NOTE
r-release-macos-x86_64 0.1.2 32.00 NOTE
r-release-windows-x86_64 0.1.2 11.00 76.00 87.00 NOTE
r-oldrel-macos-arm64 0.1.2 24.00 NOTE
r-oldrel-macos-x86_64 0.1.2 43.00 NOTE
r-oldrel-windows-ix86+x86_64 0.1.2 6.00 61.00 67.00 NOTE

Check Details

Version: 0.1.2
Check: LazyData
Result: NOTE
     'LazyData' is specified without a 'data' directory
Flavors: r-devel-linux-x86_64-debian-clang, r-devel-linux-x86_64-debian-gcc, r-devel-linux-x86_64-fedora-clang, r-devel-linux-x86_64-fedora-gcc, r-devel-windows-x86_64, r-patched-linux-x86_64, r-release-linux-x86_64, r-release-macos-arm64, r-release-macos-x86_64, r-release-windows-x86_64, r-oldrel-macos-arm64, r-oldrel-macos-x86_64, r-oldrel-windows-ix86+x86_64

Version: 0.1.2
Check: for non-standard things in the check directory
Result: NOTE
    Found the following files/directories:
     'xgb.txt'
Flavors: r-devel-linux-x86_64-debian-clang, r-devel-linux-x86_64-debian-gcc, r-devel-linux-x86_64-fedora-clang, r-devel-linux-x86_64-fedora-gcc, r-patched-linux-x86_64, r-release-linux-x86_64