CRAN Package Check Results for Package xesreadR

Last updated on 2022-06-25 10:53:20 CEST.

Flavor Version Tinstall Tcheck Ttotal Status Flags
r-devel-linux-x86_64-debian-clang 0.2.3 8.38 78.38 86.76 NOTE
r-devel-linux-x86_64-debian-gcc 0.2.3 7.96 56.90 64.86 NOTE
r-devel-linux-x86_64-fedora-clang 0.2.3 110.80 NOTE
r-devel-linux-x86_64-fedora-gcc 0.2.3 110.82 NOTE
r-devel-windows-x86_64 0.2.3 18.00 93.00 111.00 NOTE
r-patched-linux-x86_64 0.2.3 8.68 73.00 81.68 NOTE
r-release-linux-x86_64 0.2.3 8.89 72.51 81.40 NOTE
r-release-macos-arm64 0.2.3 31.00 NOTE
r-release-macos-x86_64 0.2.3 52.00 NOTE
r-release-windows-x86_64 0.2.3 20.00 95.00 115.00 NOTE
r-oldrel-macos-arm64 0.2.3 37.00 NOTE
r-oldrel-macos-x86_64 0.2.3 47.00 NOTE
r-oldrel-windows-ix86+x86_64 0.2.3 22.00 92.00 114.00 NOTE

Check Details

Version: 0.2.3
Check: LazyData
Result: NOTE
     'LazyData' is specified without a 'data' directory
Flavors: r-devel-linux-x86_64-debian-clang, r-devel-linux-x86_64-debian-gcc, r-devel-linux-x86_64-fedora-clang, r-devel-linux-x86_64-fedora-gcc, r-devel-windows-x86_64, r-patched-linux-x86_64, r-release-linux-x86_64, r-release-macos-arm64, r-release-macos-x86_64, r-release-windows-x86_64, r-oldrel-macos-arm64, r-oldrel-macos-x86_64, r-oldrel-windows-ix86+x86_64