Last updated on 2024-04-23 10:54:21 CEST.
Flavor | Version | Tinstall | Tcheck | Ttotal | Status | Flags |
---|---|---|---|---|---|---|
r-devel-linux-x86_64-debian-clang | 1.1.7 | 7.33 | 51.94 | 59.27 | NOTE | |
r-devel-linux-x86_64-debian-gcc | 1.1.7 | 4.94 | 39.02 | 43.96 | NOTE | |
r-devel-linux-x86_64-fedora-clang | 1.1.7 | 75.00 | NOTE | |||
r-devel-linux-x86_64-fedora-gcc | 1.1.7 | 69.42 | NOTE | |||
r-prerel-macos-arm64 | 1.1.7 | 26.00 | NOTE | |||
r-prerel-windows-x86_64 | 1.1.7 | 9.00 | 57.00 | 66.00 | NOTE | |
r-patched-linux-x86_64 | 1.1.7 | 11.92 | 48.42 | 60.34 | NOTE | |
r-release-linux-x86_64 | 1.1.7 | 7.39 | 50.35 | 57.74 | OK | |
r-release-macos-arm64 | 1.1.7 | 25.00 | OK | |||
r-release-macos-x86_64 | 1.1.7 | 35.00 | OK | |||
r-release-windows-x86_64 | 1.1.7 | 12.00 | 66.00 | 78.00 | OK | |
r-oldrel-macos-arm64 | 1.1.7 | 25.00 | OK | |||
r-oldrel-windows-x86_64 | 1.1.7 | 10.00 | 69.00 | 79.00 | OK |
Version: 1.1.7
Check: Rd files
Result: NOTE
checkRd: (-1) xshow.Rd:19: Lost braces in \enumerate; meant \describe ?
checkRd: (-1) xshow.Rd:20: Lost braces in \enumerate; meant \describe ?
Flavors: r-devel-linux-x86_64-debian-clang, r-devel-linux-x86_64-debian-gcc, r-devel-linux-x86_64-fedora-clang, r-devel-linux-x86_64-fedora-gcc, r-prerel-macos-arm64, r-prerel-windows-x86_64, r-patched-linux-x86_64