Last updated on 2023-12-01 10:53:55 CET.
Flavor | Version | Tinstall | Tcheck | Ttotal | Status | Flags |
---|---|---|---|---|---|---|
r-devel-linux-x86_64-debian-clang | 1.1.24 | 7.40 | 87.80 | 95.20 | OK | |
r-devel-linux-x86_64-debian-gcc | 1.1.24 | 6.22 | 64.73 | 70.95 | OK | |
r-devel-linux-x86_64-fedora-clang | 1.1.24 | 118.59 | OK | |||
r-devel-linux-x86_64-fedora-gcc | 1.1.24 | 146.04 | OK | |||
r-devel-windows-x86_64 | 1.1.24 | 9.00 | 98.00 | 107.00 | OK | |
r-patched-linux-x86_64 | 1.1.24 | 5.66 | 77.32 | 82.98 | OK | |
r-release-linux-x86_64 | 1.1.24 | 5.08 | 82.59 | 87.67 | OK | |
r-release-macos-arm64 | 1.1.24 | 55.00 | OK | |||
r-release-macos-x86_64 | 1.1.24 | 108.00 | OK | |||
r-release-windows-x86_64 | 1.1.24 | 10.00 | 155.00 | 165.00 | OK | |
r-oldrel-macos-arm64 | 1.1.24 | 56.00 | OK | |||
r-oldrel-macos-x86_64 | 1.1.24 | 69.00 | OK | |||
r-oldrel-windows-x86_64 | 1.1.24 | 10.00 | 111.00 | 121.00 | NOTE |
Version: 1.1.24
Check: HTML version of manual
Result: NOTE
Found the following problems:
retrieveFunctionReturnTypes.Rd:48:38: Warning: nested emphasis <code>
retrieveFunctionReturnTypes.Rd:52:38: Warning: nested emphasis <code>
retrieveFunctionReturnTypes.Rd:56:38: Warning: nested emphasis <code>
retrieveTestCaseDefinitions.Rd:52:38: Warning: nested emphasis <code>
retrieveTestCaseDefinitions.Rd:56:38: Warning: nested emphasis <code>
retrieveTestCaseDefinitions.Rd:61:38: Warning: nested emphasis <code>
Flavor: r-oldrel-windows-x86_64