Last updated on 2025-04-29 12:52:54 CEST.
Flavor | Version | Tinstall | Tcheck | Ttotal | Status | Flags |
---|---|---|---|---|---|---|
r-devel-linux-x86_64-debian-clang | 0.0-4.2 | 1.51 | 15.75 | 17.26 | NOTE | |
r-devel-linux-x86_64-debian-gcc | 0.0-4.2 | 1.26 | 13.07 | 14.33 | NOTE | |
r-devel-linux-x86_64-fedora-clang | 0.0-4.2 | 26.34 | NOTE | |||
r-devel-linux-x86_64-fedora-gcc | 0.0-4.2 | 26.05 | NOTE | |||
r-devel-windows-x86_64 | 0.0-4.2 | 2.00 | 34.00 | 36.00 | NOTE | |
r-patched-linux-x86_64 | 0.0-4.2 | 1.57 | 15.08 | 16.65 | NOTE | |
r-release-linux-x86_64 | 0.0-4.2 | 1.32 | 15.13 | 16.45 | NOTE | |
r-release-macos-arm64 | 0.0-4.2 | 15.00 | NOTE | |||
r-release-macos-x86_64 | 0.0-4.2 | 23.00 | NOTE | |||
r-release-windows-x86_64 | 0.0-4.2 | 4.00 | 36.00 | 40.00 | NOTE | |
r-oldrel-macos-arm64 | 0.0-4.2 | 13.00 | NOTE | |||
r-oldrel-macos-x86_64 | 0.0-4.2 | 19.00 | NOTE | |||
r-oldrel-windows-x86_64 | 0.0-4.2 | 2.00 | 33.00 | 35.00 | NOTE |
Version: 0.0-4.2
Check: CRAN incoming feasibility
Result: NOTE
Maintainer: ‘Manuel Castejon Limas <manuel.castejon@unileon.es>’
No Authors@R field in DESCRIPTION.
Please add one, modifying
Authors@R: c(person(given = c("Manuel", "Castejon"),
family = "Limas",
role = c("aut", "cre"),
email = "manuel.castejon@unileon.es"),
person(given = c("Joaquin", "Ordieres"),
family = "Mere",
role = "aut",
email = "joaquin.ordieres@dim.unirioja.es"),
person(given = c("Francisco", "Javier", "de", "Cos"),
family = "Juez",
role = "aut",
email = "decos@api.uniovi.es"),
person(given = c("Francisco", "Javier", "Martinez"),
family = "de Pison",
role = "aut",
email = "fjmartin@dim.unirioja.es"))
as necessary.
The Date field is not in ISO 8601 yyyy-mm-dd format.
Flavors: r-devel-linux-x86_64-debian-clang, r-devel-linux-x86_64-debian-gcc
Version: 0.0-4.2
Check: DESCRIPTION meta-information
Result: NOTE
Malformed Title field: should not end in a period.
Flavors: r-devel-linux-x86_64-debian-clang, r-devel-linux-x86_64-debian-gcc, r-devel-linux-x86_64-fedora-clang, r-devel-linux-x86_64-fedora-gcc, r-devel-windows-x86_64, r-patched-linux-x86_64, r-release-linux-x86_64, r-release-macos-arm64, r-release-macos-x86_64, r-release-windows-x86_64, r-oldrel-macos-arm64, r-oldrel-macos-x86_64, r-oldrel-windows-x86_64