CRAN Package Check Results for Package wrTopDownFrag

Last updated on 2024-03-03 11:54:50 CET.

Flavor Version Tinstall Tcheck Ttotal Status Flags
r-devel-linux-x86_64-debian-clang 1.0.2 3.94 38.39 42.33 NOTE
r-devel-linux-x86_64-debian-gcc 1.0.2 4.08 28.90 32.98 NOTE
r-devel-linux-x86_64-fedora-clang 1.0.2 54.57 NOTE
r-devel-linux-x86_64-fedora-gcc 1.0.2 71.18 NOTE
r-devel-windows-x86_64 1.0.2 6.00 50.00 56.00 NOTE
r-patched-linux-x86_64 1.0.2 7.21 37.70 44.91 NOTE
r-release-linux-x86_64 1.0.2 4.03 37.42 41.45 NOTE
r-release-macos-arm64 1.0.2 29.00 NOTE
r-release-macos-x86_64 1.0.2 33.00 NOTE
r-release-windows-x86_64 1.0.2 7.00 53.00 60.00 NOTE
r-oldrel-macos-arm64 1.0.2 21.00 NOTE
r-oldrel-windows-x86_64 1.0.2 6.00 54.00 60.00 NOTE

Check Details

Version: 1.0.2
Check: LazyData
Result: NOTE 'LazyData' is specified without a 'data' directory Flavors: r-devel-linux-x86_64-debian-clang, r-devel-linux-x86_64-debian-gcc, r-devel-linux-x86_64-fedora-clang, r-devel-linux-x86_64-fedora-gcc, r-devel-windows-x86_64, r-patched-linux-x86_64, r-release-linux-x86_64, r-release-macos-arm64, r-release-macos-x86_64, r-release-windows-x86_64, r-oldrel-macos-arm64, r-oldrel-windows-x86_64

Version: 1.0.2
Check: package dependencies
Result: NOTE Package suggested but not available for checking: ‘preprocessCore’ Flavor: r-release-macos-x86_64