Last updated on 2024-03-28 09:52:01 CET.
Flavor | Version | Tinstall | Tcheck | Ttotal | Status | Flags |
---|---|---|---|---|---|---|
r-devel-linux-x86_64-debian-clang | 1.2-3 | 3.63 | 55.67 | 59.30 | OK | |
r-devel-linux-x86_64-debian-gcc | 1.2-3 | 2.60 | 45.89 | 48.49 | OK | |
r-devel-linux-x86_64-fedora-clang | 1.2-3 | 76.22 | NOTE | |||
r-devel-linux-x86_64-fedora-gcc | 1.2-3 | 73.25 | OK | |||
r-devel-windows-x86_64 | 1.2-3 | 7.00 | 75.00 | 82.00 | NOTE | |
r-patched-linux-x86_64 | 1.2-3 | 3.96 | 57.77 | 61.73 | OK | |
r-release-linux-x86_64 | 1.2-3 | 3.69 | 56.06 | 59.75 | OK | |
r-release-macos-arm64 | 1.2-3 | 34.00 | NOTE | |||
r-release-macos-x86_64 | 1.2-3 | 44.00 | NOTE | |||
r-release-windows-x86_64 | 1.2-3 | 7.00 | 78.00 | 85.00 | NOTE | |
r-oldrel-macos-arm64 | 1.2-3 | 28.00 | NOTE | |||
r-oldrel-windows-x86_64 | 1.2-3 | 9.00 | 83.00 | 92.00 | NOTE |
Version: 1.2-3
Check: installed package size
Result: NOTE
installed size is 11.6Mb
sub-directories of 1Mb or more:
data 11.4Mb
Flavors: r-devel-linux-x86_64-fedora-clang, r-devel-windows-x86_64, r-release-macos-arm64, r-release-macos-x86_64, r-release-windows-x86_64, r-oldrel-macos-arm64, r-oldrel-windows-x86_64