CRAN Package Check Results for Package wpp2010

Last updated on 2022-08-14 11:53:15 CEST.

Flavor Version Tinstall Tcheck Ttotal Status Flags
r-devel-linux-x86_64-debian-clang 1.2-0 2.08 25.83 27.91 NOTE
r-devel-linux-x86_64-debian-gcc 1.2-0 1.67 20.75 22.42 NOTE
r-devel-linux-x86_64-fedora-clang 1.2-0 44.38 NOTE
r-devel-linux-x86_64-fedora-gcc 1.2-0 44.42 NOTE
r-devel-windows-x86_64 1.2-0 14.00 62.00 76.00 NOTE
r-patched-linux-x86_64 1.2-0 2.57 25.68 28.25 NOTE
r-release-linux-x86_64 1.2-0 1.97 25.31 27.28 NOTE
r-release-macos-arm64 1.2-0 17.00 NOTE
r-release-macos-x86_64 1.2-0 23.00 NOTE
r-release-windows-x86_64 1.2-0 7.00 56.00 63.00 NOTE
r-oldrel-macos-arm64 1.2-0 20.00 NOTE
r-oldrel-macos-x86_64 1.2-0 28.00 NOTE
r-oldrel-windows-ix86+x86_64 1.2-0 6.00 30.00 36.00 NOTE

Check Details

Version: 1.2-0
Check: DESCRIPTION meta-information
Result: NOTE
    Malformed Description field: should contain one or more complete sentences.
Flavors: r-devel-linux-x86_64-debian-clang, r-devel-linux-x86_64-debian-gcc, r-devel-linux-x86_64-fedora-clang, r-devel-linux-x86_64-fedora-gcc, r-devel-windows-x86_64, r-patched-linux-x86_64, r-release-linux-x86_64, r-release-macos-arm64, r-release-macos-x86_64, r-release-windows-x86_64, r-oldrel-macos-arm64, r-oldrel-macos-x86_64, r-oldrel-windows-ix86+x86_64

Version: 1.2-0
Check: installed package size
Result: NOTE
     installed size is 6.7Mb
     sub-directories of 1Mb or more:
     data 6.6Mb
Flavors: r-devel-linux-x86_64-fedora-clang, r-devel-windows-x86_64, r-release-macos-arm64, r-release-macos-x86_64, r-release-windows-x86_64, r-oldrel-macos-arm64, r-oldrel-macos-x86_64, r-oldrel-windows-ix86+x86_64