CRAN Package Check Results for Package wordsalad

Last updated on 2022-08-08 10:56:37 CEST.

Flavor Version Tinstall Tcheck Ttotal Status Flags
r-devel-linux-x86_64-debian-clang 0.2.0 1.77 46.33 48.10 OK
r-devel-linux-x86_64-debian-gcc 0.2.0 1.38 33.79 35.17 OK
r-devel-linux-x86_64-fedora-clang 0.2.0 68.50 NOTE
r-devel-linux-x86_64-fedora-gcc 0.2.0 65.47 NOTE
r-devel-windows-x86_64 0.2.0 14.00 70.00 84.00 OK
r-patched-linux-x86_64 0.2.0 2.04 43.06 45.10 OK
r-release-linux-x86_64 0.2.0 OK
r-release-macos-arm64 0.2.0 22.00 NOTE
r-release-macos-x86_64 0.2.0 32.00 NOTE
r-release-windows-x86_64 0.2.0 13.00 69.00 82.00 OK
r-oldrel-macos-arm64 0.2.0 30.00 NOTE
r-oldrel-macos-x86_64 0.2.0 37.00 NOTE
r-oldrel-windows-ix86+x86_64 0.2.0 7.00 63.00 70.00 OK

Check Details

Version: 0.2.0
Check: data for non-ASCII characters
Result: NOTE
     Note: found 3 marked UTF-8 strings
Flavors: r-devel-linux-x86_64-fedora-clang, r-devel-linux-x86_64-fedora-gcc, r-release-macos-arm64, r-release-macos-x86_64, r-oldrel-macos-arm64, r-oldrel-macos-x86_64