Last updated on 2024-04-25 08:00:11 CEST.
Flavor | Version | Tinstall | Tcheck | Ttotal | Status | Flags |
---|---|---|---|---|---|---|
r-devel-linux-x86_64-debian-clang | 0.4.0 | 145.00 | 51.21 | 196.21 | NOTE | |
r-devel-linux-x86_64-debian-gcc | 0.4.0 | 113.11 | 38.29 | 151.40 | NOTE | |
r-devel-linux-x86_64-fedora-clang | 0.4.0 | 299.18 | NOTE | |||
r-devel-linux-x86_64-fedora-gcc | 0.4.0 | 281.13 | NOTE | |||
r-devel-windows-x86_64 | 0.4.0 | 114.00 | 77.00 | 191.00 | NOTE | |
r-patched-linux-x86_64 | 0.4.0 | 134.97 | 47.81 | 182.78 | NOTE | |
r-release-linux-x86_64 | 0.4.0 | 135.34 | 46.69 | 182.03 | OK | |
r-release-macos-arm64 | 0.4.0 | 55.00 | NOTE | |||
r-release-windows-x86_64 | 0.4.0 | 110.00 | 78.00 | 188.00 | NOTE | |
r-oldrel-macos-arm64 | 0.4.0 | 65.00 | NOTE | |||
r-oldrel-macos-x86_64 | 0.4.0 | 95.00 | NOTE | |||
r-oldrel-windows-x86_64 | 0.4.0 | 140.00 | 91.00 | 231.00 | OK |
Version: 0.4.0
Check: Rd files
Result: NOTE
checkRd: (-1) word2vec_similarity.Rd:30: Lost braces in \itemize; meant \describe ?
checkRd: (-1) word2vec_similarity.Rd:31: Lost braces in \itemize; meant \describe ?
Flavors: r-devel-linux-x86_64-debian-clang, r-devel-linux-x86_64-debian-gcc, r-devel-linux-x86_64-fedora-clang, r-devel-linux-x86_64-fedora-gcc, r-devel-windows-x86_64, r-patched-linux-x86_64, r-release-macos-arm64, r-release-windows-x86_64
Version: 0.4.0
Check: installed package size
Result: NOTE
installed size is 5.2Mb
sub-directories of 1Mb or more:
libs 4.9Mb
Flavors: r-release-macos-arm64, r-oldrel-macos-arm64, r-oldrel-macos-x86_64