Last updated on 2022-06-26 11:52:50 CEST.
Flavor | Version | Tinstall | Tcheck | Ttotal | Status | Flags |
---|---|---|---|---|---|---|
r-devel-linux-x86_64-debian-clang | 0.3.4 | 117.68 | 37.51 | 155.19 | OK | |
r-devel-linux-x86_64-debian-gcc | 0.3.4 | 99.67 | 28.31 | 127.98 | OK | |
r-devel-linux-x86_64-fedora-clang | 0.3.4 | 259.25 | OK | |||
r-devel-linux-x86_64-fedora-gcc | 0.3.4 | 219.75 | OK | |||
r-devel-windows-x86_64 | 0.3.4 | 112.00 | 91.00 | 203.00 | OK | |
r-patched-linux-x86_64 | 0.3.4 | 98.10 | 35.79 | 133.89 | OK | |
r-release-linux-x86_64 | 0.3.4 | 104.32 | 34.81 | 139.13 | OK | |
r-release-macos-arm64 | 0.3.4 | 54.00 | OK | |||
r-release-macos-x86_64 | 0.3.4 | 75.00 | OK | |||
r-release-windows-x86_64 | 0.3.4 | 117.00 | 90.00 | 207.00 | OK | |
r-oldrel-macos-arm64 | 0.3.4 | 62.00 | NOTE | |||
r-oldrel-macos-x86_64 | 0.3.4 | 70.00 | OK | |||
r-oldrel-windows-ix86+x86_64 | 0.3.4 | 302.00 | 89.00 | 391.00 | OK |
Version: 0.3.4
Check: installed package size
Result: NOTE
installed size is 5.9Mb
sub-directories of 1Mb or more:
libs 5.6Mb
Flavor: r-oldrel-macos-arm64