Last updated on 2024-03-28 09:52:01 CET.
Flavor | Version | Tinstall | Tcheck | Ttotal | Status | Flags |
---|---|---|---|---|---|---|
r-devel-linux-x86_64-debian-clang | 0.1.14 | 14.92 | 211.14 | 226.06 | OK | |
r-devel-linux-x86_64-debian-gcc | 0.1.14 | 11.22 | 165.08 | 176.30 | OK | |
r-devel-linux-x86_64-fedora-clang | 0.1.14 | 306.10 | OK | |||
r-devel-linux-x86_64-fedora-gcc | 0.1.14 | 333.32 | OK | |||
r-devel-windows-x86_64 | 0.1.14 | 13.00 | 9.00 | 22.00 | ERROR | |
r-patched-linux-x86_64 | 0.1.14 | 15.92 | 204.90 | 220.82 | OK | |
r-release-linux-x86_64 | 0.1.14 | 12.83 | 205.48 | 218.31 | OK | |
r-release-macos-arm64 | 0.1.14 | 128.00 | OK | |||
r-release-macos-x86_64 | 0.1.14 | 228.00 | OK | |||
r-release-windows-x86_64 | 0.1.14 | 17.00 | 252.00 | 269.00 | OK | |
r-oldrel-macos-arm64 | 0.1.14 | 117.00 | OK | |||
r-oldrel-windows-x86_64 | 0.1.14 | 18.00 | 247.00 | 265.00 | OK |
Version: 0.1.14
Check: whether the package can be loaded
Result: ERROR
Loading this package had a fatal error status code 40
Flavor: r-devel-windows-x86_64