CRAN Package Check Results for Package womblR

Last updated on 2022-06-30 11:53:23 CEST.

Flavor Version Tinstall Tcheck Ttotal Status Flags
r-devel-linux-x86_64-debian-clang 1.0.4 241.43 295.92 537.35 OK
r-devel-linux-x86_64-debian-gcc 1.0.4 202.84 234.47 437.31 OK
r-devel-linux-x86_64-fedora-clang 1.0.4 756.99 NOTE
r-devel-linux-x86_64-fedora-gcc 1.0.4 708.24 OK
r-devel-windows-x86_64 1.0.4 188.00 329.00 517.00 OK
r-patched-linux-x86_64 1.0.4 209.82 251.86 461.68 OK
r-release-linux-x86_64 1.0.4 211.79 249.72 461.51 OK
r-release-macos-arm64 1.0.4 168.00 NOTE
r-release-macos-x86_64 1.0.4 205.00 NOTE
r-release-windows-x86_64 1.0.4 195.00 285.00 480.00 OK
r-oldrel-macos-arm64 1.0.4 185.00 NOTE
r-oldrel-macos-x86_64 1.0.4 322.00 NOTE
r-oldrel-windows-ix86+x86_64 1.0.4 621.00 388.00 1009.00 OK

Check Details

Version: 1.0.4
Check: installed package size
Result: NOTE
     installed size is 7.2Mb
     sub-directories of 1Mb or more:
     libs 6.4Mb
Flavors: r-devel-linux-x86_64-fedora-clang, r-release-macos-arm64, r-release-macos-x86_64, r-oldrel-macos-arm64, r-oldrel-macos-x86_64