Last updated on 2024-03-28 09:52:01 CET.
Flavor | Version | Tinstall | Tcheck | Ttotal | Status | Flags |
---|---|---|---|---|---|---|
r-devel-linux-x86_64-debian-clang | 1.0.5 | 252.67 | 295.93 | 548.60 | OK | |
r-devel-linux-x86_64-debian-gcc | 1.0.5 | 209.05 | 229.95 | 439.00 | OK | |
r-devel-linux-x86_64-fedora-clang | 1.0.5 | 803.16 | OK | |||
r-devel-linux-x86_64-fedora-gcc | 1.0.5 | 778.72 | OK | |||
r-devel-windows-x86_64 | 1.0.5 | 205.00 | 236.00 | 441.00 | OK | |
r-patched-linux-x86_64 | 1.0.5 | 261.20 | 288.77 | 549.97 | OK | |
r-release-linux-x86_64 | 1.0.5 | 262.45 | 280.69 | 543.14 | OK | |
r-release-macos-arm64 | 1.0.5 | 212.00 | NOTE | |||
r-release-macos-x86_64 | 1.0.5 | 364.00 | NOTE | |||
r-release-windows-x86_64 | 1.0.5 | 252.00 | 292.00 | 544.00 | OK | |
r-oldrel-macos-arm64 | 1.0.5 | 173.00 | NOTE | |||
r-oldrel-windows-x86_64 | 1.0.5 | 240.00 | 248.00 | 488.00 | OK |
Version: 1.0.5
Check: installed package size
Result: NOTE
installed size is 9.2Mb
sub-directories of 1Mb or more:
libs 8.5Mb
Flavors: r-release-macos-arm64, r-release-macos-x86_64, r-oldrel-macos-arm64
Version: 1.0.5
Check: package dependencies
Result: NOTE
Package suggested but not available for checking: ‘classInt’
Flavor: r-release-macos-x86_64