Last updated on 2025-04-29 12:52:54 CEST.
Flavor | Version | Tinstall | Tcheck | Ttotal | Status | Flags |
---|---|---|---|---|---|---|
r-devel-linux-x86_64-debian-clang | 0.2 | 1.66 | 16.58 | 18.24 | NOTE | |
r-devel-linux-x86_64-debian-gcc | 0.2 | 1.35 | 13.63 | 14.98 | NOTE | |
r-devel-linux-x86_64-fedora-clang | 0.2 | 28.42 | OK | |||
r-devel-linux-x86_64-fedora-gcc | 0.2 | 27.58 | OK | |||
r-devel-windows-x86_64 | 0.2 | 3.00 | 35.00 | 38.00 | OK | |
r-patched-linux-x86_64 | 0.2 | 1.63 | 16.02 | 17.65 | OK | |
r-release-linux-x86_64 | 0.2 | 1.68 | 15.99 | 17.67 | OK | |
r-release-macos-arm64 | 0.2 | 14.00 | OK | |||
r-release-macos-x86_64 | 0.2 | 23.00 | OK | |||
r-release-windows-x86_64 | 0.2 | 4.00 | 37.00 | 41.00 | OK | |
r-oldrel-macos-arm64 | 0.2 | 13.00 | OK | |||
r-oldrel-macos-x86_64 | 0.2 | 18.00 | OK | |||
r-oldrel-windows-x86_64 | 0.2 | 2.00 | 34.00 | 36.00 | OK |
Version: 0.2
Check: CRAN incoming feasibility
Result: NOTE
Maintainer: ‘Sudarson Mothilal Thoppay <sudarson@outlook.com>’
No Authors@R field in DESCRIPTION.
Please add one, modifying
Authors@R: person(given = c("Sudarson", "Mothilal"),
family = "Thoppay",
role = c("aut", "cre"),
email = "sudarson@outlook.com")
as necessary.
Flavors: r-devel-linux-x86_64-debian-clang, r-devel-linux-x86_64-debian-gcc