Last updated on 2024-03-29 09:55:40 CET.
Flavor | Version | Tinstall | Tcheck | Ttotal | Status | Flags |
---|---|---|---|---|---|---|
r-devel-linux-x86_64-debian-clang | 0.1.3 | 100.37 | 38.41 | 138.78 | NOTE | |
r-devel-linux-x86_64-debian-gcc | 0.1.3 | 83.58 | 29.16 | 112.74 | NOTE | |
r-devel-linux-x86_64-fedora-clang | 0.1.3 | 206.95 | NOTE | |||
r-devel-linux-x86_64-fedora-gcc | 0.1.3 | 208.39 | NOTE | |||
r-devel-windows-x86_64 | 0.1.3 | 81.00 | 76.00 | 157.00 | NOTE | |
r-patched-linux-x86_64 | 0.1.3 | 105.47 | 37.77 | 143.24 | NOTE | |
r-release-linux-x86_64 | 0.1.3 | 105.07 | 37.21 | 142.28 | NOTE | |
r-release-macos-arm64 | 0.1.3 | 54.00 | NOTE | |||
r-release-macos-x86_64 | 0.1.3 | 84.00 | NOTE | |||
r-release-windows-x86_64 | 0.1.3 | 95.00 | 88.00 | 183.00 | NOTE | |
r-oldrel-macos-arm64 | 0.1.3 | 50.00 | OK | |||
r-oldrel-windows-x86_64 | 0.1.3 | 91.00 | 80.00 | 171.00 | OK |
Version: 0.1.3
Check: C++ specification
Result: NOTE
Specified C++11: please drop specification unless essential
Flavors: r-devel-linux-x86_64-debian-clang, r-devel-linux-x86_64-debian-gcc, r-devel-linux-x86_64-fedora-clang, r-devel-linux-x86_64-fedora-gcc, r-devel-windows-x86_64, r-patched-linux-x86_64, r-release-linux-x86_64, r-release-macos-arm64, r-release-macos-x86_64, r-release-windows-x86_64