CRAN Package Check Results for Package windsoraiR

Last updated on 2022-06-30 11:53:23 CEST.

Flavor Version Tinstall Tcheck Ttotal Status Flags
r-devel-linux-x86_64-debian-clang 0.1.2 2.05 28.94 30.99 OK
r-devel-linux-x86_64-debian-gcc 0.1.2 1.47 21.87 23.34 OK
r-devel-linux-x86_64-fedora-clang 0.1.2 47.56 NOTE
r-devel-linux-x86_64-fedora-gcc 0.1.2 46.42 NOTE
r-devel-windows-x86_64 0.1.2 20.00 61.00 81.00 OK
r-patched-linux-x86_64 0.1.2 2.05 27.26 29.31 OK
r-release-linux-x86_64 0.1.2 1.90 27.03 28.93 OK
r-release-macos-arm64 0.1.2 18.00 NOTE
r-release-macos-x86_64 0.1.2 25.00 NOTE
r-release-windows-x86_64 0.1.2 19.00 54.00 73.00 OK
r-oldrel-macos-arm64 0.1.2 24.00 NOTE
r-oldrel-macos-x86_64 0.1.2 33.00 NOTE
r-oldrel-windows-ix86+x86_64 0.1.2 5.00 46.00 51.00 OK

Check Details

Version: 0.1.2
Check: data for non-ASCII characters
Result: NOTE
     Note: found 1 marked UTF-8 string
Flavors: r-devel-linux-x86_64-fedora-clang, r-devel-linux-x86_64-fedora-gcc, r-release-macos-arm64, r-release-macos-x86_64, r-oldrel-macos-arm64, r-oldrel-macos-x86_64