CRAN Package Check Results for Package wikitaxa

Last updated on 2022-06-27 11:51:00 CEST.

Flavor Version Tinstall Tcheck Ttotal Status Flags
r-devel-linux-x86_64-debian-clang 0.4.0 2.96 34.05 37.01 OK
r-devel-linux-x86_64-debian-gcc 0.4.0 2.15 26.12 28.27 OK
r-devel-linux-x86_64-fedora-clang 0.4.0 54.86 NOTE
r-devel-linux-x86_64-fedora-gcc 0.4.0 53.75 OK
r-devel-windows-x86_64 0.4.0 38.00 66.00 104.00 OK
r-patched-linux-x86_64 0.4.0 2.21 32.61 34.82 OK
r-release-linux-x86_64 0.4.0 2.12 32.25 34.37 OK
r-release-macos-arm64 0.4.0 22.00 OK
r-release-macos-x86_64 0.4.0 34.00 OK
r-release-windows-x86_64 0.4.0 33.00 65.00 98.00 OK
r-oldrel-macos-arm64 0.4.0 25.00 OK
r-oldrel-macos-x86_64 0.4.0 34.00 OK
r-oldrel-windows-ix86+x86_64 0.4.0 8.00 53.00 61.00 OK

Check Details

Version: 0.4.0
Check: Rd cross-references
Result: NOTE
    Undeclared package ‘httr’ in Rd xrefs
Flavor: r-devel-linux-x86_64-fedora-clang