CRAN Package Check Results for Package widyr

Last updated on 2022-06-25 10:53:19 CEST.

Flavor Version Tinstall Tcheck Ttotal Status Flags
r-devel-linux-x86_64-debian-clang 0.1.4 11.14 140.28 151.42 OK
r-devel-linux-x86_64-debian-gcc 0.1.4 8.39 103.22 111.61 OK
r-devel-linux-x86_64-fedora-clang 0.1.4 185.30 NOTE
r-devel-linux-x86_64-fedora-gcc 0.1.4 185.66 NOTE
r-devel-windows-x86_64 0.1.4 21.00 194.00 215.00 OK
r-patched-linux-x86_64 0.1.4 8.36 133.29 141.65 OK
r-release-linux-x86_64 0.1.4 7.00 132.97 139.97 OK
r-release-macos-arm64 0.1.4 56.00 NOTE
r-release-macos-x86_64 0.1.4 93.00 NOTE
r-release-windows-x86_64 0.1.4 20.00 189.00 209.00 OK
r-oldrel-macos-arm64 0.1.4 70.00 NOTE
r-oldrel-macos-x86_64 0.1.4 75.00 NOTE
r-oldrel-windows-ix86+x86_64 0.1.4 24.00 177.00 201.00 OK

Check Details

Version: 0.1.4
Check: dependencies in R code
Result: NOTE
    Namespace in Imports field not imported from: ‘gapminder’
     All declared Imports should be used.
Flavors: r-devel-linux-x86_64-fedora-clang, r-devel-linux-x86_64-fedora-gcc, r-release-macos-arm64, r-release-macos-x86_64, r-oldrel-macos-arm64, r-oldrel-macos-x86_64