CRAN Package Check Results for Package whippr

Last updated on 2022-10-06 12:55:42 CEST.

Flavor Version Tinstall Tcheck Ttotal Status Flags
r-devel-linux-x86_64-debian-clang 0.1.2 9.89 164.91 174.80 OK
r-devel-linux-x86_64-debian-gcc 0.1.2 5.24 116.40 121.64 OK
r-devel-linux-x86_64-fedora-clang 0.1.2 203.75 OK
r-devel-linux-x86_64-fedora-gcc 0.1.2 215.53 OK
r-devel-windows-x86_64 0.1.2 25.00 192.00 217.00 OK
r-patched-linux-x86_64 0.1.2 6.37 149.97 156.34 OK
r-release-linux-x86_64 0.1.2 5.57 146.55 152.12 OK
r-release-macos-arm64 0.1.2 64.00 OK
r-release-macos-x86_64 0.1.2 96.00 OK
r-release-windows-x86_64 0.1.2 22.00 187.00 209.00 OK
r-oldrel-macos-arm64 0.1.2 63.00 OK
r-oldrel-macos-x86_64 0.1.2 100.00 OK
r-oldrel-windows-ix86+x86_64 0.1.2 19.00 195.00 214.00 ERROR

Check Details

Version: 0.1.2
Check: PDF version of manual
Result: WARN
    LaTeX errors when creating PDF version.
    This typically indicates Rd problems.
    LaTeX errors found:
    ! Package inputenc Error: Unicode char â<c2><80><c2><90> (U+2010)
    (inputenc) not set up for use with LaTeX.
    
    See the inputenc package documentation for explanation.
    Type H <return> for immediate help.
    ! Package inputenc Error: Unicode char â<c2><80><c2><90> (U+2010)
    (inputenc) not set up for use with LaTeX.
    
    See the inputenc package documentation for explanation.
    Type H <return> for immediate help.
    ! Package inputenc Error: Unicode char â<c2><80><c2><90> (U+2010)
    (inputenc) not set up for use with LaTeX.
    
    See the inputenc package documentation for explanation.
    Type H <return> for immediate help.
    ! Package inputenc Error: Unicode char â<c2><80><c2><90> (U+2010)
    (inputenc) not set up for use with LaTeX.
    
    See the inputenc package documentation for explanation.
    Type H <return> for immediate help.
Flavor: r-oldrel-windows-ix86+x86_64

Version: 0.1.2
Check: PDF version of manual without hyperrefs or index
Result: ERROR
Flavor: r-oldrel-windows-ix86+x86_64