CRAN Package Check Results for Package whereport

Last updated on 2022-07-05 11:50:08 CEST.

Flavor Version Tinstall Tcheck Ttotal Status Flags
r-devel-linux-x86_64-debian-clang 0.1 1.86 26.26 28.12 OK
r-devel-linux-x86_64-debian-gcc 0.1 1.73 20.55 22.28 OK
r-devel-linux-x86_64-fedora-clang 0.1 44.94 NOTE
r-devel-linux-x86_64-fedora-gcc 0.1 44.31 NOTE
r-devel-windows-x86_64 0.1 17.00 49.00 66.00 OK
r-patched-linux-x86_64 0.1 2.35 25.03 27.38 OK
r-release-linux-x86_64 0.1 2.27 25.18 27.45 OK
r-release-macos-arm64 0.1 15.00 NOTE
r-release-macos-x86_64 0.1 28.00 NOTE
r-release-windows-x86_64 0.1 14.00 53.00 67.00 OK
r-oldrel-macos-arm64 0.1 21.00 NOTE
r-oldrel-macos-x86_64 0.1 23.00 NOTE
r-oldrel-windows-ix86+x86_64 0.1 6.00 43.00 49.00 OK

Check Details

Version: 0.1
Check: data for non-ASCII characters
Result: NOTE
     Note: found 4102 marked UTF-8 strings
Flavors: r-devel-linux-x86_64-fedora-clang, r-devel-linux-x86_64-fedora-gcc, r-release-macos-arm64, r-release-macos-x86_64, r-oldrel-macos-arm64, r-oldrel-macos-x86_64