Last updated on 2024-04-19 11:57:05 CEST.
Flavor | Version | Tinstall | Tcheck | Ttotal | Status | Flags |
---|---|---|---|---|---|---|
r-devel-linux-x86_64-debian-clang | 1.24.1 | 17.50 | 40.24 | 57.74 | OK | |
r-devel-linux-x86_64-debian-gcc | 1.24.1 | OK | ||||
r-devel-linux-x86_64-fedora-clang | 1.24.1 | 76.10 | NOTE | |||
r-devel-linux-x86_64-fedora-gcc | 1.24.1 | 73.94 | NOTE | |||
r-prerel-macos-arm64 | 1.24.1 | 36.00 | OK | |||
r-prerel-windows-x86_64 | 1.24.1 | 22.00 | 61.00 | 83.00 | OK | |
r-patched-linux-x86_64 | 1.24.1 | 19.24 | 37.12 | 56.36 | OK | |
r-release-linux-x86_64 | 1.24.1 | 19.49 | 36.06 | 55.55 | OK | |
r-release-macos-arm64 | 1.24.1 | 34.00 | OK | |||
r-release-macos-x86_64 | 1.24.1 | 57.00 | OK | |||
r-release-windows-x86_64 | 1.24.1 | 18.00 | 60.00 | 78.00 | OK | |
r-oldrel-macos-arm64 | 1.24.1 | 42.00 | OK | |||
r-oldrel-windows-x86_64 | 1.24.1 | 23.00 | 66.00 | 89.00 | OK |
Version: 1.24.1
Check: dependencies in R code
Result: NOTE
Namespace in Imports field not imported from: ‘methods’
All declared Imports should be used.
Flavors: r-devel-linux-x86_64-fedora-clang, r-devel-linux-x86_64-fedora-gcc