CRAN Package Check Results for Package webtrackR

Last updated on 2023-09-29 12:57:13 CEST.

Flavor Version Tinstall Tcheck Ttotal Status Flags
r-devel-linux-x86_64-debian-clang 0.1.0 5.62 46.33 51.95 OK
r-devel-linux-x86_64-debian-gcc 0.1.0 4.27 35.00 39.27 OK
r-devel-linux-x86_64-fedora-clang 0.1.0 65.02 NOTE
r-devel-linux-x86_64-fedora-gcc 0.1.0 62.76 NOTE
r-devel-windows-x86_64 0.1.0 7.00 60.00 67.00 OK
r-patched-linux-x86_64 0.1.0 10.99 45.06 56.05 OK
r-release-linux-x86_64 0.1.0 5.71 45.96 51.67 OK
r-release-macos-arm64 0.1.0 25.00 OK
r-release-macos-x86_64 0.1.0 57.00 OK
r-release-windows-x86_64 0.1.0 10.00 71.00 81.00 OK
r-oldrel-macos-arm64 0.1.0 26.00 OK
r-oldrel-macos-x86_64 0.1.0 38.00 OK
r-oldrel-windows-x86_64 0.1.0 9.00 63.00 72.00 OK

Check Details

Version: 0.1.0
Check: data for non-ASCII characters
Result: NOTE
     Note: found 14 marked UTF-8 strings
Flavors: r-devel-linux-x86_64-fedora-clang, r-devel-linux-x86_64-fedora-gcc