Last updated on 2023-05-31 13:00:59 CEST.
Flavor | Version | Tinstall | Tcheck | Ttotal | Status | Flags |
---|---|---|---|---|---|---|
r-devel-linux-x86_64-debian-clang | 0.4.0 | 25.81 | 50.15 | 75.96 | NOTE | |
r-devel-linux-x86_64-debian-gcc | 0.4.0 | 17.54 | 37.90 | 55.44 | NOTE | |
r-devel-linux-x86_64-fedora-clang | 0.4.0 | 102.82 | NOTE | |||
r-devel-linux-x86_64-fedora-gcc | 0.4.0 | 112.91 | NOTE | |||
r-devel-windows-x86_64 | 0.4.0 | 23.00 | 79.00 | 102.00 | NOTE | |
r-patched-linux-x86_64 | 0.4.0 | 16.77 | 47.18 | 63.95 | NOTE | |
r-release-linux-x86_64 | 0.4.0 | 14.74 | 47.72 | 62.46 | NOTE | |
r-release-macos-arm64 | 0.4.0 | 38.00 | NOTE | |||
r-release-macos-x86_64 | 0.4.0 | 56.00 | NOTE | |||
r-release-windows-x86_64 | 0.4.0 | 27.00 | 86.00 | 113.00 | OK | |
r-oldrel-macos-arm64 | 0.4.0 | 26.00 | OK | |||
r-oldrel-macos-x86_64 | 0.4.0 | 50.00 | OK | |||
r-oldrel-windows-x86_64 | 0.4.0 | 25.00 | 85.00 | 110.00 | OK |
Version: 0.4.0
Check: package dependencies
Result: NOTE
Packages suggested but not available for checking: 'iptools', 'rgeolocate'
Flavors: r-devel-linux-x86_64-debian-clang, r-devel-linux-x86_64-debian-gcc, r-devel-linux-x86_64-fedora-clang, r-devel-linux-x86_64-fedora-gcc, r-devel-windows-x86_64, r-patched-linux-x86_64, r-release-linux-x86_64, r-release-macos-arm64, r-release-macos-x86_64
Version: 0.4.0
Check: compiled code
Result: NOTE
File ‘webreadr/libs/webreadr.so’:
Found no calls to: ‘R_registerRoutines’, ‘R_useDynamicSymbols’
It is good practice to register native routines and to disable symbol
search.
See ‘Writing portable packages’ in the ‘Writing R Extensions’ manual.
Flavors: r-devel-linux-x86_64-fedora-clang, r-devel-linux-x86_64-fedora-gcc