CRAN Package Check Results for Package webreadr

Last updated on 2022-06-26 11:52:49 CEST.

Flavor Version Tinstall Tcheck Ttotal Status Flags
r-devel-linux-x86_64-debian-clang 0.4.0 21.09 53.81 74.90 OK
r-devel-linux-x86_64-debian-gcc 0.4.0 16.06 40.16 56.22 OK
r-devel-linux-x86_64-fedora-clang 0.4.0 104.33 NOTE
r-devel-linux-x86_64-fedora-gcc 0.4.0 101.78 NOTE
r-devel-windows-x86_64 0.4.0 35.00 98.00 133.00 OK
r-patched-linux-x86_64 0.4.0 20.60 50.69 71.29 OK
r-release-linux-x86_64 0.4.0 16.37 50.93 67.30 OK
r-release-macos-arm64 0.4.0 26.00 OK
r-release-macos-x86_64 0.4.0 50.00 OK
r-release-windows-x86_64 0.4.0 38.00 107.00 145.00 OK
r-oldrel-macos-arm64 0.4.0 33.00 OK
r-oldrel-macos-x86_64 0.4.0 43.00 OK
r-oldrel-windows-ix86+x86_64 0.4.0 58.00 104.00 162.00 OK

Check Details

Version: 0.4.0
Check: compiled code
Result: NOTE
    File ‘webreadr/libs/webreadr.so’:
     Found no calls to: ‘R_registerRoutines’, ‘R_useDynamicSymbols’
    
    It is good practice to register native routines and to disable symbol
    search.
    
    See ‘Writing portable packages’ in the ‘Writing R Extensions’ manual.
Flavors: r-devel-linux-x86_64-fedora-clang, r-devel-linux-x86_64-fedora-gcc