Last updated on 2022-06-29 11:52:25 CEST.
Flavor | Version | Tinstall | Tcheck | Ttotal | Status | Flags |
---|---|---|---|---|---|---|
r-devel-linux-x86_64-debian-clang | 0.1.5 | 13.17 | 144.48 | 157.65 | NOTE | |
r-devel-linux-x86_64-debian-gcc | 0.1.5 | 10.33 | 107.89 | 118.22 | NOTE | |
r-devel-linux-x86_64-fedora-clang | 0.1.5 | 195.86 | NOTE | |||
r-devel-linux-x86_64-fedora-gcc | 0.1.5 | 210.34 | NOTE | |||
r-devel-windows-x86_64 | 0.1.5 | 24.00 | 173.00 | 197.00 | NOTE | |
r-patched-linux-x86_64 | 0.1.5 | 13.35 | 136.41 | 149.76 | NOTE | |
r-release-linux-x86_64 | 0.1.5 | 12.59 | 138.11 | 150.70 | NOTE | |
r-release-macos-arm64 | 0.1.5 | 52.00 | NOTE | |||
r-release-macos-x86_64 | 0.1.5 | 87.00 | NOTE | |||
r-release-windows-x86_64 | 0.1.5 | 22.00 | 169.00 | 191.00 | NOTE | |
r-oldrel-macos-arm64 | 0.1.5 | 64.00 | NOTE | |||
r-oldrel-macos-x86_64 | 0.1.5 | 102.00 | NOTE | |||
r-oldrel-windows-ix86+x86_64 | 0.1.5 | 36.00 | 180.00 | 216.00 | NOTE |
Version: 0.1.5
Check: LazyData
Result: NOTE
'LazyData' is specified without a 'data' directory
Flavors: r-devel-linux-x86_64-debian-clang, r-devel-linux-x86_64-debian-gcc, r-devel-linux-x86_64-fedora-clang, r-devel-linux-x86_64-fedora-gcc, r-devel-windows-x86_64, r-patched-linux-x86_64, r-release-linux-x86_64, r-release-macos-arm64, r-release-macos-x86_64, r-release-windows-x86_64, r-oldrel-macos-arm64, r-oldrel-macos-x86_64, r-oldrel-windows-ix86+x86_64
Version: 0.1.5
Check: dependencies in R code
Result: NOTE
Namespaces in Imports field not imported from:
‘shiny’ ‘tidyselect’
All declared Imports should be used.
Flavors: r-devel-linux-x86_64-fedora-clang, r-devel-linux-x86_64-fedora-gcc, r-release-macos-arm64, r-release-macos-x86_64, r-oldrel-macos-arm64, r-oldrel-macos-x86_64