CRAN Package Check Results for Package webdriver

Last updated on 2022-07-02 12:53:18 CEST.

Flavor Version Tinstall Tcheck Ttotal Status Flags
r-devel-linux-x86_64-debian-clang 1.0.6 6.78 32.69 39.47 NOTE
r-devel-linux-x86_64-debian-gcc 1.0.6 4.19 25.68 29.87 NOTE
r-devel-linux-x86_64-fedora-clang 1.0.6 57.62 NOTE
r-devel-linux-x86_64-fedora-gcc 1.0.6 56.18 NOTE
r-devel-windows-x86_64 1.0.6 26.00 59.00 85.00 NOTE
r-patched-linux-x86_64 1.0.6 4.81 31.97 36.78 NOTE
r-release-linux-x86_64 1.0.6 6.29 31.92 38.21 NOTE
r-release-macos-arm64 1.0.6 21.00 NOTE
r-release-macos-x86_64 1.0.6 27.00 NOTE
r-release-windows-x86_64 1.0.6 9.00 64.00 73.00 NOTE
r-oldrel-macos-arm64 1.0.6 25.00 NOTE
r-oldrel-macos-x86_64 1.0.6 29.00 NOTE
r-oldrel-windows-ix86+x86_64 1.0.6 11.00 49.00 60.00 NOTE

Check Details

Version: 1.0.6
Check: LazyData
Result: NOTE
     'LazyData' is specified without a 'data' directory
Flavors: r-devel-linux-x86_64-debian-clang, r-devel-linux-x86_64-debian-gcc, r-devel-linux-x86_64-fedora-clang, r-devel-linux-x86_64-fedora-gcc, r-devel-windows-x86_64, r-patched-linux-x86_64, r-release-linux-x86_64, r-release-macos-arm64, r-release-macos-x86_64, r-release-windows-x86_64, r-oldrel-macos-arm64, r-oldrel-macos-x86_64, r-oldrel-windows-ix86+x86_64