Last updated on 2024-04-19 11:57:05 CEST.
Flavor | Version | Tinstall | Tcheck | Ttotal | Status | Flags |
---|---|---|---|---|---|---|
r-devel-linux-x86_64-debian-clang | 0.8.1 | 37.17 | 191.39 | 228.56 | NOTE | |
r-devel-linux-x86_64-debian-gcc | 0.8.1 | NOTE | ||||
r-devel-linux-x86_64-fedora-clang | 0.8.1 | 294.13 | NOTE | |||
r-devel-linux-x86_64-fedora-gcc | 0.8.1 | 270.94 | NOTE | |||
r-prerel-macos-arm64 | 0.8.1 | 55.00 | NOTE | |||
r-prerel-windows-x86_64 | 0.8.1 | 23.00 | 135.00 | 158.00 | NOTE | |
r-patched-linux-x86_64 | 0.8.1 | 24.25 | 184.45 | 208.70 | NOTE | |
r-release-linux-x86_64 | 0.8.1 | 24.76 | 191.53 | 216.29 | NOTE | |
r-release-macos-arm64 | 0.8.1 | 63.00 | NOTE | |||
r-release-macos-x86_64 | 0.8.1 | 102.00 | NOTE | |||
r-release-windows-x86_64 | 0.8.1 | 29.00 | 169.00 | 198.00 | NOTE | |
r-oldrel-macos-arm64 | 0.8.1 | 58.00 | OK | |||
r-oldrel-windows-x86_64 | 0.8.1 | 30.00 | 169.00 | 199.00 | OK |
Version: 0.8.1
Check: package subdirectories
Result: NOTE
Problems with news in ‘NEWS.md’:
No news entries found.
Flavors: r-devel-linux-x86_64-debian-clang, r-devel-linux-x86_64-debian-gcc, r-devel-linux-x86_64-fedora-clang, r-devel-linux-x86_64-fedora-gcc, r-prerel-macos-arm64, r-prerel-windows-x86_64, r-patched-linux-x86_64, r-release-linux-x86_64, r-release-macos-arm64, r-release-macos-x86_64, r-release-windows-x86_64