Last updated on 2023-10-03 12:08:56 CEST.
Flavor | Version | Tinstall | Tcheck | Ttotal | Status | Flags |
---|---|---|---|---|---|---|
r-devel-linux-x86_64-debian-clang | 0.1.4 | 7.97 | 75.34 | 83.31 | OK | |
r-devel-linux-x86_64-debian-gcc | 0.1.4 | 6.67 | 55.62 | 62.29 | OK | |
r-devel-linux-x86_64-fedora-clang | 0.1.4 | 99.91 | NOTE | |||
r-devel-linux-x86_64-fedora-gcc | 0.1.4 | 107.98 | NOTE | |||
r-devel-windows-x86_64 | 0.1.4 | 8.00 | 77.00 | 85.00 | OK | |
r-patched-linux-x86_64 | 0.1.4 | 17.30 | 70.96 | 88.26 | OK | |
r-release-linux-x86_64 | 0.1.4 | 5.13 | 70.94 | 76.07 | OK | |
r-release-macos-arm64 | 0.1.4 | 40.00 | OK | |||
r-release-macos-x86_64 | 0.1.4 | 60.00 | OK | |||
r-release-windows-x86_64 | 0.1.4 | 15.00 | 84.00 | 99.00 | OK | |
r-oldrel-macos-arm64 | 0.1.4 | 32.00 | NOTE | |||
r-oldrel-macos-x86_64 | 0.1.4 | 43.00 | NOTE | |||
r-oldrel-windows-x86_64 | 0.1.4 | 12.00 | 89.00 | 101.00 | OK |
Version: 0.1.4
Check: dependencies in R code
Result: NOTE
Namespaces in Imports field not imported from:
‘ggplot2’ ‘httr’ ‘jsonlite’
All declared Imports should be used.
Flavors: r-devel-linux-x86_64-fedora-clang, r-devel-linux-x86_64-fedora-gcc, r-oldrel-macos-arm64, r-oldrel-macos-x86_64