CRAN Package Check Results for Package wdnr.gis

Last updated on 2023-01-28 12:56:27 CET.

Flavor Version Tinstall Tcheck Ttotal Status Flags
r-devel-linux-x86_64-debian-clang 0.1.4 6.88 74.44 81.32 OK
r-devel-linux-x86_64-debian-gcc 0.1.4 6.49 56.01 62.50 OK
r-devel-linux-x86_64-fedora-clang 0.1.4 103.15 NOTE
r-devel-linux-x86_64-fedora-gcc 0.1.4 107.71 NOTE
r-patched-linux-x86_64 0.1.4 14.97 72.45 87.42 OK
r-release-linux-x86_64 0.1.4 5.92 72.55 78.47 OK
r-release-macos-arm64 0.1.4 32.00 NOTE
r-release-macos-x86_64 0.1.4 43.00 NOTE
r-release-windows-x86_64 0.1.4 40.00 106.00 146.00 OK
r-oldrel-macos-arm64 0.1.4 33.00 NOTE
r-oldrel-macos-x86_64 0.1.4 46.00 NOTE
r-oldrel-windows-ix86+x86_64 0.1.4 21.00 96.00 117.00 OK

Check Details

Version: 0.1.4
Check: dependencies in R code
Result: NOTE
    Namespaces in Imports field not imported from:
     ‘ggplot2’ ‘httr’ ‘jsonlite’
     All declared Imports should be used.
Flavors: r-devel-linux-x86_64-fedora-clang, r-devel-linux-x86_64-fedora-gcc, r-release-macos-arm64, r-release-macos-x86_64, r-oldrel-macos-arm64, r-oldrel-macos-x86_64