CRAN Package Check Results for Package wbstats

Last updated on 2024-07-14 11:56:12 CEST.

Flavor Version Tinstall Tcheck Ttotal Status Flags
r-devel-linux-x86_64-debian-clang 1.0.4 7.92 55.71 63.63 OK
r-devel-linux-x86_64-debian-gcc 1.0.4 5.28 41.60 46.88 OK
r-devel-linux-x86_64-fedora-clang 1.0.4 79.46 NOTE
r-devel-linux-x86_64-fedora-gcc 1.0.4 86.05 NOTE
r-devel-windows-x86_64 1.0.4 8.00 72.00 80.00 OK
r-patched-linux-x86_64 1.0.4 6.57 53.81 60.38 OK
r-release-linux-x86_64 1.0.4 4.13 53.42 57.55 OK
r-release-macos-arm64 1.0.4 34.00 OK
r-release-macos-x86_64 1.0.4 52.00 OK
r-release-windows-x86_64 1.0.4 8.00 72.00 80.00 OK
r-oldrel-macos-arm64 1.0.4 35.00 OK
r-oldrel-macos-x86_64 1.0.4 55.00 OK
r-oldrel-windows-x86_64 1.0.4 9.00 75.00 84.00 OK

Check Details

Version: 1.0.4
Check: data for non-ASCII characters
Result: NOTE Note: found 3133 marked UTF-8 strings Flavors: r-devel-linux-x86_64-fedora-clang, r-devel-linux-x86_64-fedora-gcc