Last updated on 2024-04-17 10:41:54 CEST.
Flavor | Version | Tinstall | Tcheck | Ttotal | Status | Flags |
---|---|---|---|---|---|---|
r-devel-linux-x86_64-debian-clang | 0.5.1 | 7.32 | 617.05 | 624.37 | OK | |
r-devel-linux-x86_64-debian-gcc | 0.5.1 | 5.31 | 441.46 | 446.77 | OK | |
r-devel-linux-x86_64-fedora-clang | 0.5.1 | 733.59 | NOTE | |||
r-devel-linux-x86_64-fedora-gcc | 0.5.1 | 777.00 | NOTE | |||
r-prerel-macos-arm64 | 0.5.1 | 163.00 | OK | |||
r-prerel-windows-x86_64 | 0.5.1 | 9.00 | 374.00 | 383.00 | OK | |
r-patched-linux-x86_64 | 0.5.1 | 9.30 | 614.45 | 623.75 | OK | |
r-release-linux-x86_64 | 0.5.1 | 8.54 | 612.46 | 621.00 | OK | |
r-release-macos-arm64 | 0.5.1 | 231.00 | OK | |||
r-release-macos-x86_64 | 0.5.1 | 350.00 | OK | |||
r-release-windows-x86_64 | 0.5.1 | 13.00 | 418.00 | 431.00 | OK | |
r-oldrel-macos-arm64 | 0.5.1 | 215.00 | OK | |||
r-oldrel-windows-x86_64 | 0.5.1 | 11.00 | 388.00 | 399.00 | OK |
Version: 0.5.1
Check: data for non-ASCII characters
Result: NOTE
Note: found 1 marked UTF-8 string
Flavors: r-devel-linux-x86_64-fedora-clang, r-devel-linux-x86_64-fedora-gcc