CRAN Package Check Results for Package waterquality

Last updated on 2022-07-03 11:53:53 CEST.

Flavor Version Tinstall Tcheck Ttotal Status Flags
r-devel-linux-x86_64-debian-clang 0.3.0 54.28 569.78 624.06 OK
r-devel-linux-x86_64-debian-gcc 0.3.0 35.26 440.40 475.66 OK
r-devel-linux-x86_64-fedora-clang 0.3.0 737.64 NOTE
r-devel-linux-x86_64-fedora-gcc 0.3.0 741.41 NOTE
r-devel-windows-x86_64 0.3.0 120.00 573.00 693.00 OK
r-patched-linux-x86_64 0.3.0 51.45 556.41 607.86 OK
r-release-linux-x86_64 0.3.0 49.72 548.18 597.90 OK
r-release-macos-arm64 0.3.0 199.00 NOTE
r-release-macos-x86_64 0.3.0 301.00 NOTE
r-release-windows-x86_64 0.3.0 119.00 575.00 694.00 OK
r-oldrel-macos-arm64 0.3.0 160.00 NOTE
r-oldrel-macos-x86_64 0.3.0 228.00 NOTE
r-oldrel-windows-ix86+x86_64 0.3.0 105.00 594.00 699.00 OK

Check Details

Version: 0.3.0
Check: dependencies in R code
Result: NOTE
    Namespaces in Imports field not imported from:
     ‘rgdal’ ‘vctrs’
     All declared Imports should be used.
Flavors: r-devel-linux-x86_64-fedora-clang, r-devel-linux-x86_64-fedora-gcc, r-release-macos-arm64, r-release-macos-x86_64, r-oldrel-macos-arm64, r-oldrel-macos-x86_64