Last updated on 2024-04-18 12:53:06 CEST.
Flavor | Version | Tinstall | Tcheck | Ttotal | Status | Flags |
---|---|---|---|---|---|---|
r-devel-linux-x86_64-debian-clang | 1.1.30 | 57.62 | 283.43 | 341.05 | OK | |
r-devel-linux-x86_64-debian-gcc | 1.1.30 | 40.14 | 196.45 | 236.59 | OK | |
r-devel-linux-x86_64-fedora-clang | 1.1.30 | 433.64 | NOTE | |||
r-devel-linux-x86_64-fedora-gcc | 1.1.30 | 417.78 | OK | |||
r-prerel-macos-arm64 | 1.1.30 | 112.00 | NOTE | |||
r-prerel-macos-x86_64 | 1.1.30 | 240.00 | NOTE | |||
r-prerel-windows-x86_64 | 1.1.30 | 48.00 | 235.00 | 283.00 | NOTE | |
r-patched-linux-x86_64 | 1.1.30 | 49.40 | 263.76 | 313.16 | OK | |
r-release-linux-x86_64 | 1.1.30 | 40.23 | 259.55 | 299.78 | OK | |
r-release-macos-arm64 | 1.1.30 | 108.00 | NOTE | |||
r-release-macos-x86_64 | 1.1.30 | 230.00 | NOTE | |||
r-release-windows-x86_64 | 1.1.30 | 61.00 | 289.00 | 350.00 | NOTE | |
r-oldrel-macos-arm64 | 1.1.30 | 110.00 | NOTE | |||
r-oldrel-windows-x86_64 | 1.1.30 | 58.00 | 262.00 | 320.00 | NOTE |
Version: 1.1.30
Check: installed package size
Result: NOTE
installed size is 8.2Mb
sub-directories of 1Mb or more:
R 1.1Mb
doc 6.4Mb
Flavors: r-devel-linux-x86_64-fedora-clang, r-prerel-macos-arm64, r-prerel-macos-x86_64, r-prerel-windows-x86_64, r-release-macos-arm64, r-release-macos-x86_64, r-release-windows-x86_64, r-oldrel-macos-arm64, r-oldrel-windows-x86_64