CRAN Package Check Results for Package wallace

Last updated on 2024-07-24 11:26:16 CEST.

Flavor Version Tinstall Tcheck Ttotal Status Flags
r-devel-linux-x86_64-debian-clang 2.1.3 9.29 319.09 328.38 OK
r-devel-linux-x86_64-debian-gcc 2.1.3 6.80 234.56 241.36 OK
r-devel-linux-x86_64-fedora-clang 2.1.3 409.74 NOTE
r-devel-linux-x86_64-fedora-gcc 2.1.3 384.59 OK
r-devel-windows-x86_64 2.1.3 11.00 251.00 262.00 OK
r-patched-linux-x86_64 2.1.2 5.67 306.94 312.61 OK
r-release-linux-x86_64 2.1.3 5.35 305.81 311.16 OK
r-release-macos-arm64 2.1.3 116.00 ERROR
r-release-macos-x86_64 2.1.3 313.00 OK
r-release-windows-x86_64 2.1.2 9.00 286.00 295.00 OK
r-oldrel-macos-arm64 2.1.3 128.00 ERROR
r-oldrel-macos-x86_64 2.1.3 286.00 OK
r-oldrel-windows-x86_64 2.1.3 12.00 332.00 344.00 OK

Check Details

Version: 2.1.3
Check: package dependencies
Result: NOTE Imports includes 21 non-default packages. Importing from so many packages makes the package vulnerable to any of them becoming unavailable. Move as many as possible to Suggests and use conditionally. Flavor: r-devel-linux-x86_64-fedora-clang

Version: 2.1.3
Check: tests
Result: ERROR Running ‘testthat.R’ [61s/84s] Running the tests in ‘tests/testthat.R’ failed. Last 13 lines of output: 19: tryCatch(withCallingHandlers({ eval(code, test_env) if (!handled && !is.null(test)) { skip_empty() }}, expectation = handle_expectation, skip = handle_skip, warning = handle_warning, message = handle_message, error = handle_error), error = handle_fatal, skip = function(e) { }) 20: test_code(test = NULL, code = exprs, env = env, default_reporter = StopReporter$new()) 21: source_file(path, env = env(env), desc = desc, error_call = error_call) 22: FUN(X[[i]], ...) 23: lapply(test_paths, test_one_file, env = env, desc = desc, error_call = error_call) 24: doTryCatch(return(expr), name, parentenv, handler) 25: tryCatchOne(expr, names, parentenv, handlers[[1L]]) 26: tryCatchList(expr, classes, parentenv, handlers) 27: tryCatch(code, testthat_abort_reporter = function(cnd) { cat(conditionMessage(cnd), "\n") NULL}) 28: with_reporter(reporters$multi, lapply(test_paths, test_one_file, env = env, desc = desc, error_call = error_call)) 29: test_files_serial(test_dir = test_dir, test_package = test_package, test_paths = test_paths, load_helpers = load_helpers, reporter = reporter, env = env, stop_on_failure = stop_on_failure, stop_on_warning = stop_on_warning, desc = desc, load_package = load_package, error_call = error_call) 30: test_files(test_dir = path, test_paths = test_paths, test_package = package, reporter = reporter, load_helpers = load_helpers, env = env, stop_on_failure = stop_on_failure, stop_on_warning = stop_on_warning, load_package = load_package, parallel = parallel) 31: test_dir("testthat", package = package, reporter = reporter, ..., load_package = "installed") 32: test_check("wallace") An irrecoverable exception occurred. R is aborting now ... Flavor: r-release-macos-arm64

Version: 2.1.3
Check: tests
Result: ERROR Running ‘testthat.R’ [61s/89s] Running the tests in ‘tests/testthat.R’ failed. Last 13 lines of output: 19: tryCatch(withCallingHandlers({ eval(code, test_env) if (!handled && !is.null(test)) { skip_empty() }}, expectation = handle_expectation, skip = handle_skip, warning = handle_warning, message = handle_message, error = handle_error), error = handle_fatal, skip = function(e) { }) 20: test_code(test = NULL, code = exprs, env = env, default_reporter = StopReporter$new()) 21: source_file(path, env = env(env), desc = desc, error_call = error_call) 22: FUN(X[[i]], ...) 23: lapply(test_paths, test_one_file, env = env, desc = desc, error_call = error_call) 24: doTryCatch(return(expr), name, parentenv, handler) 25: tryCatchOne(expr, names, parentenv, handlers[[1L]]) 26: tryCatchList(expr, classes, parentenv, handlers) 27: tryCatch(code, testthat_abort_reporter = function(cnd) { cat(conditionMessage(cnd), "\n") NULL}) 28: with_reporter(reporters$multi, lapply(test_paths, test_one_file, env = env, desc = desc, error_call = error_call)) 29: test_files_serial(test_dir = test_dir, test_package = test_package, test_paths = test_paths, load_helpers = load_helpers, reporter = reporter, env = env, stop_on_failure = stop_on_failure, stop_on_warning = stop_on_warning, desc = desc, load_package = load_package, error_call = error_call) 30: test_files(test_dir = path, test_paths = test_paths, test_package = package, reporter = reporter, load_helpers = load_helpers, env = env, stop_on_failure = stop_on_failure, stop_on_warning = stop_on_warning, load_package = load_package, parallel = parallel) 31: test_dir("testthat", package = package, reporter = reporter, ..., load_package = "installed") 32: test_check("wallace") An irrecoverable exception occurred. R is aborting now ... Flavor: r-oldrel-macos-arm64