Last updated on 2025-04-29 12:52:53 CEST.
Flavor | Version | Tinstall | Tcheck | Ttotal | Status | Flags |
---|---|---|---|---|---|---|
r-devel-linux-x86_64-debian-clang | 1.2 | 2.27 | 19.52 | 21.79 | NOTE | |
r-devel-linux-x86_64-debian-gcc | 1.2 | 1.65 | 15.09 | 16.74 | NOTE | |
r-devel-linux-x86_64-fedora-clang | 1.2 | 33.80 | OK | |||
r-devel-linux-x86_64-fedora-gcc | 1.2 | 32.04 | OK | |||
r-devel-windows-x86_64 | 1.2 | 3.00 | 38.00 | 41.00 | OK | |
r-patched-linux-x86_64 | 1.2 | 2.32 | 18.66 | 20.98 | OK | |
r-release-linux-x86_64 | 1.2 | 2.08 | 18.93 | 21.01 | OK | |
r-release-macos-arm64 | 1.2 | 15.00 | OK | |||
r-release-macos-x86_64 | 1.2 | 23.00 | OK | |||
r-release-windows-x86_64 | 1.2 | 3.00 | 40.00 | 43.00 | OK | |
r-oldrel-macos-arm64 | 1.2 | 14.00 | OK | |||
r-oldrel-macos-x86_64 | 1.2 | 20.00 | OK | |||
r-oldrel-windows-x86_64 | 1.2 | 3.00 | 37.00 | 40.00 | OK |
Version: 1.2
Check: CRAN incoming feasibility
Result: NOTE
Maintainer: ‘John Whalen <whalenjf@gmail.com>’
No Authors@R field in DESCRIPTION.
Please add one, modifying
Authors@R: person(given = "John",
family = "Whalen",
role = c("aut", "cre"),
email = "whalenjf@gmail.com")
as necessary.
Flavors: r-devel-linux-x86_64-debian-clang, r-devel-linux-x86_64-debian-gcc