Last updated on 2022-06-27 11:51:00 CEST.
Flavor | Version | Tinstall | Tcheck | Ttotal | Status | Flags |
---|---|---|---|---|---|---|
r-devel-linux-x86_64-debian-clang | 0.2.5 | 8.22 | 47.10 | 55.32 | OK | |
r-devel-linux-x86_64-debian-gcc | 0.2.5 | 7.53 | 36.81 | 44.34 | OK | |
r-devel-linux-x86_64-fedora-clang | 0.2.5 | 78.51 | NOTE | |||
r-devel-linux-x86_64-fedora-gcc | 0.2.5 | 78.10 | NOTE | |||
r-devel-windows-x86_64 | 0.2.5 | 34.00 | 86.00 | 120.00 | OK | |
r-patched-linux-x86_64 | 0.2.5 | 7.34 | 46.06 | 53.40 | OK | |
r-release-linux-x86_64 | 0.2.5 | 8.70 | 46.25 | 54.95 | OK | |
r-release-macos-arm64 | 0.2.5 | 25.00 | NOTE | |||
r-release-macos-x86_64 | 0.2.5 | 34.00 | NOTE | |||
r-release-windows-x86_64 | 0.2.5 | 42.00 | 92.00 | 134.00 | OK | |
r-oldrel-macos-arm64 | 0.2.5 | 22.00 | NOTE | |||
r-oldrel-macos-x86_64 | 0.2.5 | 37.00 | NOTE | |||
r-oldrel-windows-ix86+x86_64 | 0.2.5 | 19.00 | 70.00 | 89.00 | OK |
Version: 0.2.5
Check: dependencies in R code
Result: NOTE
Namespace in Imports field not imported from: ‘R6’
All declared Imports should be used.
Flavors: r-devel-linux-x86_64-fedora-clang, r-devel-linux-x86_64-fedora-gcc, r-release-macos-arm64, r-release-macos-x86_64, r-oldrel-macos-arm64, r-oldrel-macos-x86_64