Last updated on 2023-09-29 12:57:13 CEST.
Flavor | Version | Tinstall | Tcheck | Ttotal | Status | Flags |
---|---|---|---|---|---|---|
r-devel-linux-x86_64-debian-clang | 0.0.1 | 2.87 | 40.92 | 43.79 | NOTE | |
r-devel-linux-x86_64-debian-gcc | 0.0.1 | 2.74 | 30.75 | 33.49 | NOTE | |
r-devel-linux-x86_64-fedora-clang | 0.0.1 | 53.27 | NOTE | |||
r-devel-linux-x86_64-fedora-gcc | 0.0.1 | 52.15 | NOTE | |||
r-devel-windows-x86_64 | 0.0.1 | 5.00 | 51.00 | 56.00 | NOTE | |
r-patched-linux-x86_64 | 0.0.1 | 2.91 | 38.28 | 41.19 | NOTE | |
r-release-linux-x86_64 | 0.0.1 | 2.16 | 39.40 | 41.56 | NOTE | |
r-release-macos-arm64 | 0.0.1 | 23.00 | NOTE | |||
r-release-macos-x86_64 | 0.0.1 | 31.00 | NOTE | |||
r-release-windows-x86_64 | 0.0.1 | 7.00 | 57.00 | 64.00 | NOTE | |
r-oldrel-macos-arm64 | 0.0.1 | 21.00 | NOTE | |||
r-oldrel-macos-x86_64 | 0.0.1 | 36.00 | NOTE | |||
r-oldrel-windows-x86_64 | 0.0.1 | 5.00 | 58.00 | 63.00 | NOTE |
Version: 0.0.1
Check: LazyData
Result: NOTE
'LazyData' is specified without a 'data' directory
Flavors: r-devel-linux-x86_64-debian-clang, r-devel-linux-x86_64-debian-gcc, r-devel-linux-x86_64-fedora-clang, r-devel-linux-x86_64-fedora-gcc, r-devel-windows-x86_64, r-patched-linux-x86_64, r-release-linux-x86_64, r-release-macos-arm64, r-release-macos-x86_64, r-release-windows-x86_64, r-oldrel-macos-arm64, r-oldrel-macos-x86_64, r-oldrel-windows-x86_64
Version: 0.0.1
Check: dependencies in R code
Result: NOTE
Namespaces in Imports field not imported from:
‘Matrix’ ‘R6’
All declared Imports should be used.
Flavors: r-devel-linux-x86_64-fedora-clang, r-devel-linux-x86_64-fedora-gcc, r-oldrel-macos-arm64, r-oldrel-macos-x86_64