CRAN Package Check Results for Package wNNSel

Last updated on 2025-04-29 12:52:54 CEST.

Flavor Version Tinstall Tcheck Ttotal Status Flags
r-devel-linux-x86_64-debian-clang 0.1 2.06 30.93 32.99 NOTE
r-devel-linux-x86_64-debian-gcc 0.1 1.72 21.75 23.47 NOTE
r-devel-linux-x86_64-fedora-clang 0.1 51.04 OK
r-devel-linux-x86_64-fedora-gcc 0.1 49.28 OK
r-devel-windows-x86_64 0.1 3.00 49.00 52.00 OK
r-patched-linux-x86_64 0.1 2.35 29.14 31.49 OK
r-release-linux-x86_64 0.1 2.06 29.27 31.33 OK
r-release-macos-arm64 0.1 18.00 OK
r-release-macos-x86_64 0.1 33.00 OK
r-release-windows-x86_64 0.1 3.00 52.00 55.00 OK
r-oldrel-macos-arm64 0.1 17.00 NOTE
r-oldrel-macos-x86_64 0.1 25.00 NOTE
r-oldrel-windows-x86_64 0.1 3.00 47.00 50.00 NOTE

Check Details

Version: 0.1
Check: CRAN incoming feasibility
Result: NOTE Maintainer: ‘Shahla Faisal <shahla_ramzan@yahoo.com>’ No Authors@R field in DESCRIPTION. Please add one, modifying Authors@R: person(given = "Shahla", family = "Faisal", role = c("aut", "cre"), email = "shahla_ramzan@yahoo.com") as necessary. Flavors: r-devel-linux-x86_64-debian-clang, r-devel-linux-x86_64-debian-gcc

Version: 0.1
Check: examples
Result: NOTE Examples with CPU (user + system) or elapsed time > 5s user system elapsed wNNSel 5.702 0.002 6.406 cv.wNNSel 5.073 0.000 6.361 Flavor: r-devel-linux-x86_64-debian-clang

Version: 0.1
Check: LazyData
Result: NOTE 'LazyData' is specified without a 'data' directory Flavors: r-oldrel-macos-arm64, r-oldrel-macos-x86_64, r-oldrel-windows-x86_64